{"id":367,"date":"2020-11-16T23:16:57","date_gmt":"2020-11-16T22:16:57","guid":{"rendered":"http:\/\/localhost\/?page_id=367"},"modified":"2020-12-09T16:19:45","modified_gmt":"2020-12-09T15:19:45","slug":"canal_bief_partage","status":"publish","type":"page","link":"http:\/\/valderdre.fr\/wrdp\/canal_bief_partage\/","title":{"rendered":"canal_bief_partage"},"content":{"rendered":"<p><span style=\"color: #3366ff;\"><strong><u>Alimentation du canal<\/u><\/strong><\/span><\/p>\n<p style=\"text-align: justify;\">Un autre probl\u00e8me se greffait imm\u00e9diatement apr\u00e8s le choix du trac\u00e9: trouver une quantit\u00e9 d&rsquo;eau suffisante pour permettre les \u00e9clusages.<\/p>\n<p style=\"text-align: justify;\">En effet, si une rivi\u00e8re poss\u00e8de des sources qui l&rsquo;alimentent, un canal, lui, n&rsquo;en a pas. Non seulement un canal ne poss\u00e8de pas de source propre, mais en plus, nous le verrons plus loin, il est soumis \u00e0 des pertes par infiltrations vers les terres sous-jacentes lorsqu&rsquo;il est en l\u00e9ger surplomb. Or le passage d&rsquo;une p\u00e9niche dans une \u00e9cluse demande \u00e0 peu pr\u00e8s 300 m\u00e8tres cubes sur le canal de Nantes \u00e0 Brest.<\/p>\n<p style=\"text-align: justify;\">Les ing\u00e9nieurs doivent donc trouver un moyen d&rsquo;amener de l&rsquo;eau, d&rsquo;une fa\u00e7on artificielle, dans la section la plus haute du canal, qu&rsquo;on appelle bief de partage, l\u00e0 o\u00f9 le canal franchit une cr\u00eate pour relier deux vall\u00e9es.<\/p>\n<p style=\"text-align: justify;\">A chaque fois qu&rsquo;une p\u00e9niche descend d&rsquo;un c\u00f4t\u00e9 ou de l&rsquo;autre de la cr\u00eate par une \u00e9cluse, elle soustrait donc 300 m\u00e8tres cubes d&rsquo;eau au bief de partage.<\/p>\n<p style=\"text-align: justify;\">Attention: la p\u00e9niche ne consomme pas 300 m\u00e8tres cubes \u00e0 chaque \u00e9cluse. Si on prend l&rsquo;exemple d&rsquo;une p\u00e9niche qui descend depuis un bief de partage, elle enl\u00e8ve 300 m\u00e8tres cubes au bief lorsqu&rsquo;elle descend la premi\u00e8re \u00e9cluse, mais cette quantit\u00e9 d&rsquo;eau s&rsquo;en vient enrichir le bief inf\u00e9rieur. A chaque nouvelle \u00e9cluse descendante, on peut consid\u00e9rer que la p\u00e9niche tra\u00eene donc avec elle ce cubage, qu&rsquo;elle fait descendre vers la vall\u00e9e \u00e9cluse apr\u00e8s \u00e9cluse<\/p>\n<p><img loading=\"lazy\" decoding=\"async\" class=\"aligncenter\" src=\"http:\/\/valderdre.fr\/xjml517\/images\/stories\/canal\/btdebois1.jpg\" width=\"443\" height=\"149\" border=\"0\" \/><\/p>\n<p style=\"text-align: justify;\">Quel que soit le nombre de p\u00e9niches qui passent sur le bief de partage, la hauteur d&rsquo;eau doit rester stable. Pour ce faire, il<strong>\u00a0<\/strong>faut alimenter le bief par une arriv\u00e9e d&rsquo;eau r\u00e9guli\u00e8re, et suffisante pour compenser les pertes en \u00e9clusage. Car un canal ne franchit jamais une cr\u00eate au point le plus haut: pour \u00e9viter un trop grand nombre d&rsquo;\u00e9cluses, on essaie au contraire de le faire passer par le col le moins \u00e9lev\u00e9 de la\u00a0cr\u00eate.<\/p>\n<p style=\"text-align: justify;\">Il y a donc toujours un point plus haut en altitude que le bief lui-m\u00eame. Il\u00a0existe alors deux possibilit\u00e9s: soit d\u00e9tourner une source plus haute que le bief pour l&rsquo;amener par une rigole vers celui-ci, soit am\u00e9nager un r\u00e9servoir\u00a0\u00a0dans les hauteurs qui surplombent le bief, r\u00e9servoir qui sera rempli par les pluies d&rsquo;hiver, et progressivement vid\u00e9 l&rsquo;\u00e9t\u00e9 par les \u00e9clusages.<\/p>\n<p style=\"text-align: justify;\">Dans les deux cas, il faut que la rigole ou le r\u00e9servoir donnent suffisamment d&rsquo;eau, m\u00eame en \u00e9t\u00e9, pour que le bief soit correctement aliment\u00e9. Nous verrons plus loin, dans l&rsquo;historique de construction du canal de Nantes \u00e0 Brest, que les ing\u00e9nieurs ont mari\u00e9 ces deux techniques, rigole et r\u00e9servoir, pour amener vers la voie d&rsquo;eau le pr\u00e9cieux liquide.<\/p>\n<p style=\"text-align: justify;\">Cependant, lors des ann\u00e9es de grande s\u00e9cheresse, comme en 1921-1922, il a fallu interrompre la navigation faute d&rsquo;eau dans le canal.<\/p>\n<p style=\"text-align: justify;\"><span style=\"color: #3366ff;\"><strong>Le canal de Nantes \u00e0 Brest comporte trois biefs de partage<\/strong><\/span>: le premier se trouve \u00e0 Bout-de-Bois (altitude\u00a0<em>20\u00a0<\/em>m\u00e8tres), entre les vall\u00e9es de l&rsquo;Erdre et de l&rsquo;Isac. Le second bief se trouve \u00e0 Hilvem (altitude 129 m\u00e8tres), entre les vall\u00e9es de l&rsquo;Oust et du Blavet. Le troisi\u00e8me bief se trouve \u00e0 Glomel (altitude 184 m\u00e8tres), entre les vall\u00e9es du Blavet et de l&rsquo;Aulne<\/p>\n","protected":false},"excerpt":{"rendered":"<p>Alimentation du canal Un autre probl\u00e8me se greffait imm\u00e9diatement apr\u00e8s le choix du trac\u00e9: trouver une quantit\u00e9 d&rsquo;eau suffisante pour permettre les \u00e9clusages. En effet, si une rivi\u00e8re poss\u00e8de des sources qui l&rsquo;alimentent, un canal, lui, n&rsquo;en a pas. Non seulement un canal ne poss\u00e8de pas de source propre, mais en plus, nous le verrons plus loin, il est soumis&#46;&#46;&#46;<\/p>\n","protected":false},"author":1,"featured_media":0,"parent":0,"menu_order":0,"comment_status":"closed","ping_status":"closed","template":"","meta":{"footnotes":""},"class_list":["post-367","page","type-page","status-publish","hentry"],"_links":{"self":[{"href":"http:\/\/valderdre.fr\/wrdp\/wp-json\/wp\/v2\/pages\/367","targetHints":{"allow":["GET"]}}],"collection":[{"href":"http:\/\/valderdre.fr\/wrdp\/wp-json\/wp\/v2\/pages"}],"about":[{"href":"http:\/\/valderdre.fr\/wrdp\/wp-json\/wp\/v2\/types\/page"}],"author":[{"embeddable":true,"href":"http:\/\/valderdre.fr\/wrdp\/wp-json\/wp\/v2\/users\/1"}],"replies":[{"embeddable":true,"href":"http:\/\/valderdre.fr\/wrdp\/wp-json\/wp\/v2\/comments?post=367"}],"version-history":[{"count":4,"href":"http:\/\/valderdre.fr\/wrdp\/wp-json\/wp\/v2\/pages\/367\/revisions"}],"predecessor-version":[{"id":597,"href":"http:\/\/valderdre.fr\/wrdp\/wp-json\/wp\/v2\/pages\/367\/revisions\/597"}],"wp:attachment":[{"href":"http:\/\/valderdre.fr\/wrdp\/wp-json\/wp\/v2\/media?parent=367"}],"curies":[{"name":"wp","href":"https:\/\/api.w.org\/{rel}","templated":true}]}}