{"id":236,"date":"2020-10-31T21:35:50","date_gmt":"2020-10-31T20:35:50","guid":{"rendered":"http:\/\/localhost\/?page_id=236"},"modified":"2020-12-09T16:23:49","modified_gmt":"2020-12-09T15:23:49","slug":"erdre_historique","status":"publish","type":"page","link":"http:\/\/valderdre.fr\/wrdp\/erdre_historique\/","title":{"rendered":"erdre_historique"},"content":{"rendered":"<table class=\"mceVisualAid\" border=\"0\" align=\"center\">\n<tbody>\n<tr>\n<td class=\"mceVisualAid\">\n<p align=\"center\">\u00a0<img loading=\"lazy\" decoding=\"async\" src=\"http:\/\/valderdre.fr\/xjml517\/images\/stories\/erdre\/ntes_001.jpg\" width=\"200\" height=\"122\" border=\"0\" \/><\/p>\n<\/td>\n<td class=\"mceVisualAid\">\n<p align=\"center\"><img loading=\"lazy\" decoding=\"async\" src=\"http:\/\/valderdre.fr\/xjml517\/images\/stories\/erdre\/ntes_002.jpg\" width=\"200\" height=\"115\" border=\"0\" \/><\/p>\n<\/td>\n<\/tr>\n<tr>\n<td class=\"mceVisualAid\">\n<p align=\"center\">\u00a0<span style=\"color: #0000ff;\"><span style=\"font-family: 'Times New Roman';\"><span style=\"font-family: Arial; font-size: small;\">Embouchure de l&rsquo;Erdre ou Canal<br \/>\n<\/span><\/span><span style=\"font-family: 'Times New Roman';\"><span style=\"font-family: Arial; font-size: small;\">de Nantes \u00e0 Brest vers 1840<\/span><\/span><\/span><\/p>\n<\/td>\n<td class=\"mceVisualAid\">\n<p align=\"center\">\u00a0<span style=\"color: #0000ff; font-family: Arial; font-size: small;\">Petit pont de bois \u00e0 l&#8217;embouchure de l&rsquo;Erdre<br \/>\nvers 1830.<\/span><span style=\"font-family: 'Times New Roman';\"><span style=\"color: #0000ff; font-family: Arial; font-size: small;\">Etabli en 1743, il disparu en 1840,\u00a0remplac\u00e9 par un pont de fer.<br \/>\nEn arri\u00e8re, au centre, on aper\u00e7oit la tour \u00e0 plomb du pont sauvetout et plus loin, le clocher de<br \/>\nl&rsquo;ancienne \u00e9glise Saint-Similien<\/span><\/span><\/p>\n<\/td>\n<\/tr>\n<tr>\n<td class=\"mceVisualAid\"><\/td>\n<td class=\"mceVisualAid\"><\/td>\n<\/tr>\n<tr>\n<td class=\"mceVisualAid\">\n<p align=\"center\">\u00a0<img loading=\"lazy\" decoding=\"async\" src=\"http:\/\/valderdre.fr\/xjml517\/images\/stories\/erdre\/ntes_003.jpg\" width=\"200\" height=\"112\" border=\"0\" \/><\/p>\n<\/td>\n<td class=\"mceVisualAid\">\n<p align=\"center\">\u00a0<img loading=\"lazy\" decoding=\"async\" src=\"http:\/\/valderdre.fr\/xjml517\/images\/stories\/erdre\/ntes_006.jpg\" width=\"200\" height=\"119\" border=\"0\" \/><\/p>\n<\/td>\n<\/tr>\n<tr>\n<td class=\"mceVisualAid\">\n<p align=\"center\"><span style=\"color: #0000ff;\">\u00a0<span style=\"font-family: 'Times New Roman';\"><span style=\"font-family: Arial; font-size: small;\">Sur la glace \u00e0 Barbin en d\u00e9cembre 1879<\/span><\/span><\/span><\/p>\n<\/td>\n<td class=\"mceVisualAid\">\n<p align=\"center\">\u00a0<span style=\"font-family: 'Times New Roman';\"><span style=\"color: #0000ff; font-family: Arial; font-size: small;\">Quai de Versailles. Les inondations de Nantes en f\u00e9vrier 1904<\/span><\/span><\/p>\n<\/td>\n<\/tr>\n<tr>\n<td class=\"mceVisualAid\"><\/td>\n<td class=\"mceVisualAid\"><\/td>\n<\/tr>\n<tr>\n<td class=\"mceVisualAid\">\n<p align=\"center\">\u00a0<img loading=\"lazy\" decoding=\"async\" src=\"http:\/\/valderdre.fr\/xjml517\/images\/stories\/erdre\/ntes_007.jpg\" width=\"200\" height=\"106\" border=\"0\" \/><\/p>\n<\/td>\n<td class=\"mceVisualAid\">\n<p align=\"center\">\u00a0<img loading=\"lazy\" decoding=\"async\" src=\"http:\/\/valderdre.fr\/xjml517\/images\/stories\/erdre\/ntes_009.jpg\" width=\"200\" height=\"101\" border=\"0\" \/><\/p>\n<\/td>\n<\/tr>\n<tr>\n<td class=\"mceVisualAid\">\n<p align=\"center\">\u00a0<span style=\"color: #0000ff;\"><span style=\"font-family: 'Times New Roman';\"><span style=\"font-family: Arial; font-size: small;\">Quai des Tanneurs. Les inondations<br \/>\nde Nantes en f\u00e9vrier 1904<\/span><\/span><\/span><\/p>\n<\/td>\n<td class=\"mceVisualAid\">\n<p align=\"center\">\u00a0<span style=\"font-family: 'Times New Roman';\"><span style=\"color: #0000ff; font-family: Arial; font-size: small;\">Quai des Tanneurs. Les inondations<br \/>\nde Nantes en f\u00e9vrier 1904<\/span><\/span><\/p>\n<\/td>\n<\/tr>\n<tr>\n<td class=\"mceVisualAid\"><\/td>\n<td class=\"mceVisualAid\"><\/td>\n<\/tr>\n<tr>\n<td class=\"mceVisualAid\">\n<p align=\"center\"><img loading=\"lazy\" decoding=\"async\" src=\"http:\/\/valderdre.fr\/xjml517\/images\/stories\/erdre\/ntes_010.jpg\" width=\"200\" height=\"113\" border=\"0\" \/><\/p>\n<\/td>\n<td class=\"mceVisualAid\">\n<p align=\"center\">\u00a0<img loading=\"lazy\" decoding=\"async\" src=\"http:\/\/valderdre.fr\/xjml517\/images\/stories\/erdre\/ntes_011.jpg\" width=\"200\" height=\"119\" border=\"0\" \/><\/p>\n<\/td>\n<\/tr>\n<tr>\n<td class=\"mceVisualAid\">\n<p align=\"center\">\u00a0<span style=\"color: #0000ff;\"><span style=\"font-family: Arial; font-size: small;\">L<\/span><span style=\"font-family: Arial; font-size: small;\">a chauss\u00e9e et le pont de Barbin, vers 1880.\u00a0<\/span><span style=\"font-family: 'Times New Roman';\"><span style=\"font-family: Arial; font-size: small;\">On vient de commencer les \u00a0travaux du nouveau pont de la Motte-Rouge<\/span><\/span><\/span><\/p>\n<\/td>\n<td class=\"mceVisualAid\">\n<p align=\"center\">\u00a0<span style=\"color: #0000ff;\"><span style=\"font-family: 'Times New Roman';\"><span style=\"font-family: Arial; font-size: small;\">La passerelle de Versailles sur L&rsquo;Erdre, avant le Pont Saint-Nihiel.<br \/>\n<\/span><\/span><span style=\"font-family: 'Times New Roman';\"><span style=\"font-family: Arial; font-size: small;\">Les bateaux \u00e0 laver<\/span><\/span><\/span><\/p>\n<\/td>\n<\/tr>\n<tr>\n<td class=\"mceVisualAid\"><\/td>\n<td class=\"mceVisualAid\"><\/td>\n<\/tr>\n<tr>\n<td class=\"mceVisualAid\">\n<p align=\"center\">\u00a0<img loading=\"lazy\" decoding=\"async\" src=\"http:\/\/valderdre.fr\/xjml517\/images\/stories\/erdre\/ntes_012jpg\" width=\"200\" height=\"122\" border=\"0\" \/><\/p>\n<\/td>\n<td class=\"mceVisualAid\">\n<p align=\"center\">\u00a0<img loading=\"lazy\" decoding=\"async\" src=\"http:\/\/valderdre.fr\/xjml517\/images\/stories\/erdre\/ntes_013.jpg\" width=\"200\" height=\"127\" border=\"0\" \/><\/p>\n<\/td>\n<\/tr>\n<tr>\n<td class=\"mceVisualAid\">\n<p align=\"center\">\u00a0<span style=\"color: #0000ff;\"><span style=\"font-family: 'Times New Roman';\"><span style=\"font-family: Arial; font-size: small;\">F\u00eates donn\u00e9es le 2 septembre 1861, \u00e0 l&rsquo;occasion de l&rsquo;exposition Grande Calvacade historique, sur les quais Jean-Bart et Flesselles<\/span><\/span><\/span><\/p>\n<\/td>\n<td class=\"mceVisualAid\">\n<p align=\"center\">\u00a0<span style=\"font-family: 'Times New Roman'; font-size: 10pt;\"><span style=\"color: #0000ff; font-family: Arial;\">Canal de l&rsquo;Erdre au pont de l&rsquo;Ecluse<\/span><\/span><\/p>\n<\/td>\n<\/tr>\n<tr>\n<td class=\"mceVisualAid\"><\/td>\n<td class=\"mceVisualAid\"><\/td>\n<\/tr>\n<tr>\n<td class=\"mceVisualAid\">\n<p align=\"center\">\u00a0<img loading=\"lazy\" decoding=\"async\" src=\"http:\/\/valderdre.fr\/xjml517\/images\/stories\/erdre\/ntes_015.jpg\" width=\"200\" height=\"125\" border=\"0\" \/><\/p>\n<\/td>\n<td class=\"mceVisualAid\">\n<p align=\"center\">\u00a0<img loading=\"lazy\" decoding=\"async\" src=\"http:\/\/valderdre.fr\/xjml517\/images\/stories\/erdre\/ntes_014.jpg\" width=\"200\" height=\"123\" border=\"0\" \/><\/p>\n<\/td>\n<\/tr>\n<tr>\n<td class=\"mceVisualAid\">\n<p align=\"center\"><span style=\"color: #0000ff;\">\u00a0<span style=\"font-family: 'Times New Roman'; font-size: 10pt;\"><span style=\"font-family: Arial;\">Les quais de l&rsquo;Erdre en 1932<\/span><\/span><\/span><\/p>\n<\/td>\n<td class=\"mceVisualAid\">\n<p align=\"center\">\u00a0<span style=\"font-family: 'Times New Roman';\"><span style=\"color: #0000ff; font-family: Arial; font-size: small;\">Confluence de la Loire et de l&rsquo;Erdre. Aujourd&rsquo;hui carrefour des cours Franklin-Roosevelt et des Cinquante-Otages<\/span><\/span><span style=\"font-family: Arial; font-size: small;\">\u00a0<\/span><\/p>\n<\/td>\n<\/tr>\n<tr>\n<td class=\"mceVisualAid\"><\/td>\n<td class=\"mceVisualAid\"><\/td>\n<\/tr>\n<tr>\n<td class=\"mceVisualAid\">\n<p align=\"center\">\u00a0<img loading=\"lazy\" decoding=\"async\" src=\"http:\/\/valderdre.fr\/xjml517\/images\/stories\/erdre\/ntes_016.jpg\" width=\"200\" height=\"120\" border=\"0\" \/><\/p>\n<\/td>\n<td class=\"mceVisualAid\">\n<p align=\"center\">\u00a0<img loading=\"lazy\" decoding=\"async\" src=\"http:\/\/valderdre.fr\/xjml517\/images\/stories\/erdre\/ntes_017.jpg\" width=\"200\" height=\"125\" border=\"0\" \/><\/p>\n<\/td>\n<\/tr>\n<tr>\n<td class=\"mceVisualAid\">\n<p align=\"center\"><span style=\"color: #0000ff;\">\u00a0<\/span><span style=\"color: #0000ff;\"><span style=\"font-family: 'Times New Roman';\"><span style=\"font-family: Arial; font-size: small;\">L&rsquo;Erdre \u00e0 hauteur du quai des<br \/>\nTanneurs<\/span><\/span><\/span><\/p>\n<\/td>\n<td class=\"mceVisualAid\">\n<p align=\"center\">\u00a0<span style=\"color: #0000ff;\"><span style=\"font-family: 'Times New Roman';\"><span style=\"font-family: Arial; font-size: small;\">L&rsquo;\u00e9cluse sur l&rsquo;Erdre, entre le pont de l&rsquo;Hotel de ville et le confluent<\/span><\/span><\/span><\/p>\n<\/td>\n<\/tr>\n<tr>\n<td class=\"mceVisualAid\"><\/td>\n<td class=\"mceVisualAid\"><\/td>\n<\/tr>\n<tr>\n<td class=\"mceVisualAid\">\n<p align=\"center\">\u00a0<img loading=\"lazy\" decoding=\"async\" src=\"http:\/\/valderdre.fr\/xjml517\/images\/stories\/erdre\/ntes_008.jpg\" width=\"200\" height=\"130\" border=\"0\" \/><\/p>\n<\/td>\n<td class=\"mceVisualAid\">\n<p align=\"center\">\u00a0<img loading=\"lazy\" decoding=\"async\" src=\"http:\/\/valderdre.fr\/xjml517\/images\/stories\/erdre\/ntes_005.jpg\" width=\"200\" height=\"109\" border=\"0\" \/><\/p>\n<\/td>\n<\/tr>\n<tr>\n<td class=\"mceVisualAid\">\n<p align=\"center\">\u00a0<span style=\"font-family: 'Times New Roman';\"><span style=\"color: #0000ff; font-family: Arial; font-size: small;\">L&rsquo;Erdre au pont d&rsquo;Orl\u00e9ans. Les inondations de Nantes en f\u00e9vrier 1904<\/span><\/span><span style=\"font-family: Arial; font-size: small;\">\u00a0<\/span><\/p>\n<\/td>\n<td class=\"mceVisualAid\">\n<p align=\"center\">\u00a0\u00a0<span style=\"font-family: 'Times New Roman';\"><span style=\"color: #0000ff; font-family: Arial; font-size: small;\">L&rsquo;Erdre \u00e0 Barbin vers 1875<\/span><\/span><\/p>\n<\/td>\n<\/tr>\n<\/tbody>\n<\/table>\n<p>&nbsp;<\/p>\n<table class=\"mceVisualAid\" border=\"0\" align=\"center\">\n<tbody>\n<tr>\n<td class=\"mceVisualAid\">\n<p align=\"center\"><img loading=\"lazy\" decoding=\"async\" src=\"http:\/\/valderdre.fr\/xjml517\/images\/stories\/erdre\/ntes_004.jpg\" width=\"200\" height=\"117\" border=\"0\" \/><\/p>\n<\/td>\n<\/tr>\n<tr>\n<td class=\"mceVisualAid\">\n<p align=\"center\"><span style=\"color: #0000ff;\">\u00a0<\/span><span style=\"color: #0000ff; font-family: Arial; font-size: small;\">Vue sur l&rsquo;Erdre, prise du quai Ceineray, vers 1905.<br \/>\n<\/span><span style=\"color: #0000ff;\"><span style=\"font-family: 'Times New Roman';\"><span style=\"font-family: Arial; font-size: small;\">Passerelle de Versailles, construite en 1875, remplac\u00e9e depuis par le<br \/>\npont Saint-Nihiel.\u00a0 C&rsquo;est en cette partie du Quai, que l&rsquo;on d\u00e9tourne<br \/>\nl&rsquo;Erdre qui doit passer sous les Cours, pour rejoindre la Loire.<\/span><\/span><\/span><\/p>\n<\/td>\n<\/tr>\n<\/tbody>\n<\/table>\n<p>&nbsp;<\/p>\n","protected":false},"excerpt":{"rendered":"<p>\u00a0 \u00a0Embouchure de l&rsquo;Erdre ou Canal de Nantes \u00e0 Brest vers 1840 \u00a0Petit pont de bois \u00e0 l&#8217;embouchure de l&rsquo;Erdre vers 1830.Etabli en 1743, il disparu en 1840,\u00a0remplac\u00e9 par un pont de fer. En arri\u00e8re, au centre, on aper\u00e7oit la tour \u00e0 plomb du pont sauvetout et plus loin, le clocher de l&rsquo;ancienne \u00e9glise Saint-Similien \u00a0 \u00a0 \u00a0Sur la glace&#46;&#46;&#46;<\/p>\n","protected":false},"author":1,"featured_media":0,"parent":0,"menu_order":0,"comment_status":"closed","ping_status":"closed","template":"","meta":{"footnotes":""},"class_list":["post-236","page","type-page","status-publish","hentry"],"_links":{"self":[{"href":"http:\/\/valderdre.fr\/wrdp\/wp-json\/wp\/v2\/pages\/236","targetHints":{"allow":["GET"]}}],"collection":[{"href":"http:\/\/valderdre.fr\/wrdp\/wp-json\/wp\/v2\/pages"}],"about":[{"href":"http:\/\/valderdre.fr\/wrdp\/wp-json\/wp\/v2\/types\/page"}],"author":[{"embeddable":true,"href":"http:\/\/valderdre.fr\/wrdp\/wp-json\/wp\/v2\/users\/1"}],"replies":[{"embeddable":true,"href":"http:\/\/valderdre.fr\/wrdp\/wp-json\/wp\/v2\/comments?post=236"}],"version-history":[{"count":2,"href":"http:\/\/valderdre.fr\/wrdp\/wp-json\/wp\/v2\/pages\/236\/revisions"}],"predecessor-version":[{"id":601,"href":"http:\/\/valderdre.fr\/wrdp\/wp-json\/wp\/v2\/pages\/236\/revisions\/601"}],"wp:attachment":[{"href":"http:\/\/valderdre.fr\/wrdp\/wp-json\/wp\/v2\/media?parent=236"}],"curies":[{"name":"wp","href":"https:\/\/api.w.org\/{rel}","templated":true}]}}

<table class="mceVisualAid" border="0" align="center">
<tbody>
<tr>
<td class="mceVisualAid">
<p align="center"> <img loading="lazy" decoding="async" src="http://valderdre.fr/xjml517/images/stories/erdre/ntes_001.jpg" width="200" height="122" border="0" /></p>
</td>
<td class="mceVisualAid">
<p align="center"><img loading="lazy" decoding="async" src="http://valderdre.fr/xjml517/images/stories/erdre/ntes_002.jpg" width="200" height="115" border="0" /></p>
</td>
</tr>
<tr>
<td class="mceVisualAid">
<p align="center"> <span style="color: #0000ff;"><span style="font-family: 'Times New Roman';"><span style="font-family: Arial; font-size: small;">Embouchure de l&rsquo;Erdre ou Canal<br />
</span></span><span style="font-family: 'Times New Roman';"><span style="font-family: Arial; font-size: small;">de Nantes à Brest vers 1840</span></span></span></p>
</td>
<td class="mceVisualAid">
<p align="center"> <span style="color: #0000ff; font-family: Arial; font-size: small;">Petit pont de bois à l&#8217;embouchure de l&rsquo;Erdre<br />
vers 1830.</span><span style="font-family: 'Times New Roman';"><span style="color: #0000ff; font-family: Arial; font-size: small;">Etabli en 1743, il disparu en 1840, remplacé par un pont de fer.<br />
En arrière, au centre, on aperçoit la tour à plomb du pont sauvetout et plus loin, le clocher de<br />
l&rsquo;ancienne église Saint-Similien</span></span></p>
</td>
</tr>
<tr>
<td class="mceVisualAid"></td>
<td class="mceVisualAid"></td>
</tr>
<tr>
<td class="mceVisualAid">
<p align="center"> <img loading="lazy" decoding="async" src="http://valderdre.fr/xjml517/images/stories/erdre/ntes_003.jpg" width="200" height="112" border="0" /></p>
</td>
<td class="mceVisualAid">
<p align="center"> <img loading="lazy" decoding="async" src="http://valderdre.fr/xjml517/images/stories/erdre/ntes_006.jpg" width="200" height="119" border="0" /></p>
</td>
</tr>
<tr>
<td class="mceVisualAid">
<p align="center"><span style="color: #0000ff;"> <span style="font-family: 'Times New Roman';"><span style="font-family: Arial; font-size: small;">Sur la glace à Barbin en décembre 1879</span></span></span></p>
</td>
<td class="mceVisualAid">
<p align="center"> <span style="font-family: 'Times New Roman';"><span style="color: #0000ff; font-family: Arial; font-size: small;">Quai de Versailles. Les inondations de Nantes en février 1904</span></span></p>
</td>
</tr>
<tr>
<td class="mceVisualAid"></td>
<td class="mceVisualAid"></td>
</tr>
<tr>
<td class="mceVisualAid">
<p align="center"> <img loading="lazy" decoding="async" src="http://valderdre.fr/xjml517/images/stories/erdre/ntes_007.jpg" width="200" height="106" border="0" /></p>
</td>
<td class="mceVisualAid">
<p align="center"> <img loading="lazy" decoding="async" src="http://valderdre.fr/xjml517/images/stories/erdre/ntes_009.jpg" width="200" height="101" border="0" /></p>
</td>
</tr>
<tr>
<td class="mceVisualAid">
<p align="center"> <span style="color: #0000ff;"><span style="font-family: 'Times New Roman';"><span style="font-family: Arial; font-size: small;">Quai des Tanneurs. Les inondations<br />
de Nantes en février 1904</span></span></span></p>
</td>
<td class="mceVisualAid">
<p align="center"> <span style="font-family: 'Times New Roman';"><span style="color: #0000ff; font-family: Arial; font-size: small;">Quai des Tanneurs. Les inondations<br />
de Nantes en février 1904</span></span></p>
</td>
</tr>
<tr>
<td class="mceVisualAid"></td>
<td class="mceVisualAid"></td>
</tr>
<tr>
<td class="mceVisualAid">
<p align="center"><img loading="lazy" decoding="async" src="http://valderdre.fr/xjml517/images/stories/erdre/ntes_010.jpg" width="200" height="113" border="0" /></p>
</td>
<td class="mceVisualAid">
<p align="center"> <img loading="lazy" decoding="async" src="http://valderdre.fr/xjml517/images/stories/erdre/ntes_011.jpg" width="200" height="119" border="0" /></p>
</td>
</tr>
<tr>
<td class="mceVisualAid">
<p align="center"> <span style="color: #0000ff;"><span style="font-family: Arial; font-size: small;">L</span><span style="font-family: Arial; font-size: small;">a chaussée et le pont de Barbin, vers 1880. </span><span style="font-family: 'Times New Roman';"><span style="font-family: Arial; font-size: small;">On vient de commencer les  travaux du nouveau pont de la Motte-Rouge</span></span></span></p>
</td>
<td class="mceVisualAid">
<p align="center"> <span style="color: #0000ff;"><span style="font-family: 'Times New Roman';"><span style="font-family: Arial; font-size: small;">La passerelle de Versailles sur L&rsquo;Erdre, avant le Pont Saint-Nihiel.<br />
</span></span><span style="font-family: 'Times New Roman';"><span style="font-family: Arial; font-size: small;">Les bateaux à laver</span></span></span></p>
</td>
</tr>
<tr>
<td class="mceVisualAid"></td>
<td class="mceVisualAid"></td>
</tr>
<tr>
<td class="mceVisualAid">
<p align="center"> <img loading="lazy" decoding="async" src="http://valderdre.fr/xjml517/images/stories/erdre/ntes_012jpg" width="200" height="122" border="0" /></p>
</td>
<td class="mceVisualAid">
<p align="center"> <img loading="lazy" decoding="async" src="http://valderdre.fr/xjml517/images/stories/erdre/ntes_013.jpg" width="200" height="127" border="0" /></p>
</td>
</tr>
<tr>
<td class="mceVisualAid">
<p align="center"> <span style="color: #0000ff;"><span style="font-family: 'Times New Roman';"><span style="font-family: Arial; font-size: small;">Fêtes données le 2 septembre 1861, à l&rsquo;occasion de l&rsquo;exposition Grande Calvacade historique, sur les quais Jean-Bart et Flesselles</span></span></span></p>
</td>
<td class="mceVisualAid">
<p align="center"> <span style="font-family: 'Times New Roman'; font-size: 10pt;"><span style="color: #0000ff; font-family: Arial;">Canal de l&rsquo;Erdre au pont de l&rsquo;Ecluse</span></span></p>
</td>
</tr>
<tr>
<td class="mceVisualAid"></td>
<td class="mceVisualAid"></td>
</tr>
<tr>
<td class="mceVisualAid">
<p align="center"> <img loading="lazy" decoding="async" src="http://valderdre.fr/xjml517/images/stories/erdre/ntes_015.jpg" width="200" height="125" border="0" /></p>
</td>
<td class="mceVisualAid">
<p align="center"> <img loading="lazy" decoding="async" src="http://valderdre.fr/xjml517/images/stories/erdre/ntes_014.jpg" width="200" height="123" border="0" /></p>
</td>
</tr>
<tr>
<td class="mceVisualAid">
<p align="center"><span style="color: #0000ff;"> <span style="font-family: 'Times New Roman'; font-size: 10pt;"><span style="font-family: Arial;">Les quais de l&rsquo;Erdre en 1932</span></span></span></p>
</td>
<td class="mceVisualAid">
<p align="center"> <span style="font-family: 'Times New Roman';"><span style="color: #0000ff; font-family: Arial; font-size: small;">Confluence de la Loire et de l&rsquo;Erdre. Aujourd&rsquo;hui carrefour des cours Franklin-Roosevelt et des Cinquante-Otages</span></span><span style="font-family: Arial; font-size: small;"> </span></p>
</td>
</tr>
<tr>
<td class="mceVisualAid"></td>
<td class="mceVisualAid"></td>
</tr>
<tr>
<td class="mceVisualAid">
<p align="center"> <img loading="lazy" decoding="async" src="http://valderdre.fr/xjml517/images/stories/erdre/ntes_016.jpg" width="200" height="120" border="0" /></p>
</td>
<td class="mceVisualAid">
<p align="center"> <img loading="lazy" decoding="async" src="http://valderdre.fr/xjml517/images/stories/erdre/ntes_017.jpg" width="200" height="125" border="0" /></p>
</td>
</tr>
<tr>
<td class="mceVisualAid">
<p align="center"><span style="color: #0000ff;"> </span><span style="color: #0000ff;"><span style="font-family: 'Times New Roman';"><span style="font-family: Arial; font-size: small;">L&rsquo;Erdre à hauteur du quai des<br />
Tanneurs</span></span></span></p>
</td>
<td class="mceVisualAid">
<p align="center"> <span style="color: #0000ff;"><span style="font-family: 'Times New Roman';"><span style="font-family: Arial; font-size: small;">L&rsquo;écluse sur l&rsquo;Erdre, entre le pont de l&rsquo;Hotel de ville et le confluent</span></span></span></p>
</td>
</tr>
<tr>
<td class="mceVisualAid"></td>
<td class="mceVisualAid"></td>
</tr>
<tr>
<td class="mceVisualAid">
<p align="center"> <img loading="lazy" decoding="async" src="http://valderdre.fr/xjml517/images/stories/erdre/ntes_008.jpg" width="200" height="130" border="0" /></p>
</td>
<td class="mceVisualAid">
<p align="center"> <img loading="lazy" decoding="async" src="http://valderdre.fr/xjml517/images/stories/erdre/ntes_005.jpg" width="200" height="109" border="0" /></p>
</td>
</tr>
<tr>
<td class="mceVisualAid">
<p align="center"> <span style="font-family: 'Times New Roman';"><span style="color: #0000ff; font-family: Arial; font-size: small;">L&rsquo;Erdre au pont d&rsquo;Orléans. Les inondations de Nantes en février 1904</span></span><span style="font-family: Arial; font-size: small;"> </span></p>
</td>
<td class="mceVisualAid">
<p align="center">  <span style="font-family: 'Times New Roman';"><span style="color: #0000ff; font-family: Arial; font-size: small;">L&rsquo;Erdre à Barbin vers 1875</span></span></p>
</td>
</tr>
</tbody>
</table>
<p>&nbsp;</p>
<table class="mceVisualAid" border="0" align="center">
<tbody>
<tr>
<td class="mceVisualAid">
<p align="center"><img loading="lazy" decoding="async" src="http://valderdre.fr/xjml517/images/stories/erdre/ntes_004.jpg" width="200" height="117" border="0" /></p>
</td>
</tr>
<tr>
<td class="mceVisualAid">
<p align="center"><span style="color: #0000ff;"> </span><span style="color: #0000ff; font-family: Arial; font-size: small;">Vue sur l&rsquo;Erdre, prise du quai Ceineray, vers 1905.<br />
</span><span style="color: #0000ff;"><span style="font-family: 'Times New Roman';"><span style="font-family: Arial; font-size: small;">Passerelle de Versailles, construite en 1875, remplacée depuis par le<br />
pont Saint-Nihiel.  C&rsquo;est en cette partie du Quai, que l&rsquo;on détourne<br />
l&rsquo;Erdre qui doit passer sous les Cours, pour rejoindre la Loire.</span></span></span></p>
</td>
</tr>
</tbody>
</table>
<p>&nbsp;</p>

<p>   Embouchure de l&rsquo;Erdre ou Canal de Nantes à Brest vers 1840  Petit pont de bois à l&#8217;embouchure de l&rsquo;Erdre vers 1830.Etabli en 1743, il disparu en 1840, remplacé par un pont de fer. En arrière, au centre, on aperçoit la tour à plomb du pont sauvetout et plus loin, le clocher de l&rsquo;ancienne église Saint-Similien      Sur la glace&#46;&#46;&#46;</p>
