{"id":220,"date":"2020-10-31T19:05:45","date_gmt":"2020-10-31T18:05:45","guid":{"rendered":"http:\/\/localhost\/?page_id=220"},"modified":"2020-12-09T16:22:56","modified_gmt":"2020-12-09T15:22:56","slug":"erdre_comblement","status":"publish","type":"page","link":"http:\/\/valderdre.fr\/wrdp\/erdre_comblement\/","title":{"rendered":"erdre_comblement"},"content":{"rendered":"<p align=\"center\"><span style=\"color: #3366ff; font-family: Arial; font-size: 16px;\"><u><strong>Le comblement de l&rsquo;Erdre<\/strong><\/u><\/span><\/p>\n<p style=\"text-align: justify;\"><span style=\"font-family: Arial; font-size: 12pt;\">Cela fait bien longtemps que la travers\u00e9e de l&rsquo;Erdre dans Nantes est jug\u00e9e dangereuse pour l&rsquo;hygi\u00e8ne publique.<br \/>\nboueuse, stagnante, \u00e9paisse, mal-saine la rivi\u00e8re de l&rsquo;Erdre est paresseuse &gt;&gt; \u00e9crit Dubuisson-Aubenay en 1636 dans ses Itin\u00e9raires de Bretagne.<\/span><\/p>\n<p style=\"text-align: justify;\"><span style=\"font-family: Arial; font-size: 12pt;\">En 1724, des actes de mairie sur les encombrements de l&rsquo;Erdre se font plus pr\u00e9cis et d\u00e9noncent la malpropret\u00e9 des cales, rues et venelles de tout quartier, encombr\u00e9es d&rsquo;immondices que la pluie entraine \u00e0 la rivi\u00e8re.<\/span><\/p>\n<table border=\"0\" align=\"center\">\n<tbody>\n<tr>\n<td>\n<p align=\"center\">\u00a0<img decoding=\"async\" src=\"http:\/\/valderdre.fr\/xjml517\/images\/stories\/erdre\/ntes_019.jpg\" border=\"0\" \/><\/p>\n<\/td>\n<\/tr>\n<tr>\n<td>\n<p align=\"center\"><span style=\"color: #0000ff;\">\u00a0<\/span><span style=\"font-family: 'Times New Roman';\"><span style=\"color: #0000ff; font-family: Arial; font-size: 12px;\">Vue de l&rsquo;Erdre. Rivi\u00e8re peu propre,<br \/>\nsurcharg\u00e9e de d\u00e9tritus<\/span><\/span><\/p>\n<\/td>\n<\/tr>\n<\/tbody>\n<\/table>\n<p style=\"text-align: justify;\" align=\"justify\"><span style=\"font-family: Arial; font-size: 12pt;\">En 1859, c&rsquo;est toujours le m\u00eame son de cloche. Une commission est charg\u00e9e de se prononcer sur un projet d&rsquo;assainissement et d&rsquo;agrandissement de la ville de Nantes et la rectification du chemin de fer d&rsquo;Orl\u00e9ans au moyen de la d\u00e9rivation du canal de l&rsquo;Erdre et de la suppression du bras Brancas.<\/span><\/p>\n<p style=\"text-align: justify;\" align=\"justify\"><span style=\"color: #3366ff; font-family: Arial; font-size: 12pt;\"><strong><u>Rapport de la commission<\/u><\/strong><\/span><\/p>\n<p style=\"text-align: justify;\" align=\"justify\"><span style=\"font-family: Arial; font-size: 12pt;\">\u00ab\u00a0L&rsquo;infection des eaux de l&rsquo;Erdre dans la travers\u00e9e de Nantes a \u00e9veill\u00e9 depuis quelques ann\u00e9es les pr\u00e9occupations de l&rsquo;opinion publique.<\/span><\/p>\n<p style=\"text-align: justify;\"><span style=\"font-size: 12pt;\">En pr\u00e9sence des condiftion de force majeur inh\u00e9rentes d&rsquo;une part au d\u00e9veloppement de la population et de l&rsquo;industrie, et d&rsquo;autre part, \u00e0 la communication directe de l&rsquo;Erdre avec les \u00e9gouts charg\u00e9s de mati\u00e8res f\u00e9cales, de r\u00e9sidus de tanneries, de liquides ammonaciaux et goudronneux, d&rsquo;eaux menag\u00e8res etc&#8230;<\/span><\/p>\n<p style=\"text-align: justify;\"><span style=\"font-size: 12pt;\">0n peut dire que ce cours d&rsquo;eau constitue pendant les p\u00e9riodes de s\u00e9cheresse et de chaleur un v\u00e9ritable cloaque, en r\u00e9alit\u00e9 un prolongement des conduites de latrines de tout un quartier populeux.\u00a0\u00bb<\/span><\/p>\n<p style=\"text-align: justify;\" align=\"justify\"><span style=\"font-family: Arial; font-size: 12pt;\">Ainsi le projet du\u00a0<span style=\"color: #3366ff;\"><u>d\u00e9tournement<\/u><\/span>\u00a0de l&rsquo;Erdre est beaucoup plus ancien que celui des comblements de la Loire. Peu satisfaisant, le projet de 1866 n&rsquo;est pas retenu, mais d&rsquo;autres \u00e9tudes sont faites:<\/span><\/p>\n<ul style=\"text-align: justify;\">\n<li><span style=\"font-family: Arial; font-size: 12pt;\">\u00a0\u00a0\u00a0en 1894 par l&rsquo;adjoint au maire,<\/span><\/li>\n<li><span style=\"font-family: Arial; font-size: 12pt;\"><span style=\"font-family: Arial;\">\u00a0\u00a0\u00a0en 1914 par le service maritime<\/span><\/span><\/li>\n<\/ul>\n<p style=\"text-align: justify;\" align=\"justify\"><span style=\"font-family: Arial; font-size: 12pt;\">toutes motiv\u00e9es par un souci de salubrit\u00e9 publique<\/span><\/p>\n<p style=\"text-align: justify;\" align=\"justify\"><span style=\"font-family: Arial; font-size: 12pt;\">En 1934, on h\u00e9site encore \u00e0 combler l&rsquo;Erdre. Les vedettes et les b\u00e2teaux de plaisance utilisent son cours plut\u00f4t que le tunel, et le remblaiement des bras de la Loire absorbe de grosse quantit\u00e9 de sable.<\/span><\/p>\n<p style=\"text-align: justify;\" align=\"justify\"><span style=\"font-family: Arial; font-size: 12pt;\">Puis naissent divers projets:<\/span><\/p>\n<ul>\n<li style=\"text-align: justify;\"><span style=\"font-family: Arial; font-size: 12pt;\">Cr\u00e9er une gare routi\u00e8re en surface,<\/span><\/li>\n<li style=\"text-align: justify;\"><span style=\"font-family: Arial; font-size: 12pt;\"><span style=\"font-family: Arial;\">am\u00e9nag\u00e9e une chauss\u00e9e souterraine.<\/span><\/span><\/li>\n<\/ul>\n<table border=\"1\" align=\"center\">\n<tbody>\n<tr>\n<td>\u00a0<img loading=\"lazy\" decoding=\"async\" src=\"http:\/\/valderdre.fr\/xjml517\/images\/stories\/erdre\/ntes_018.jpg\" width=\"200\" height=\"123\" border=\"0\" \/><\/td>\n<td><\/td>\n<td>\u00a0<img loading=\"lazy\" decoding=\"async\" src=\"http:\/\/valderdre.fr\/xjml517\/images\/stories\/erdre\/ntes_027.jpg\" width=\"200\" height=\"123\" border=\"0\" \/><\/td>\n<\/tr>\n<tr>\n<td>\n<p align=\"center\"><span style=\"color: #ff0000;\">\u00a0<\/span><span style=\"font-family: 'Times New Roman';\"><span style=\"color: #0000ff; font-family: Arial; font-size: 12px;\">Le chantier dans le lit de l&rsquo;Erdre, au niveau<br \/>\nde l&rsquo;ancienne \u00e9cluse, en octobre 1940<\/span><\/span><\/p>\n<\/td>\n<td><\/td>\n<td>\n<p align=\"center\">\u00a0<span style=\"font-family: 'Times New Roman';\"><span style=\"color: #0000ff; font-family: Arial; font-size: 12px;\">Travaux d&rsquo;am\u00e9nagement sur le lit<br \/>\nde l&rsquo;Erdre, octobre 1940<\/span><\/span><\/p>\n<\/td>\n<\/tr>\n<\/tbody>\n<\/table>\n<p style=\"text-align: justify;\" align=\"justify\"><span style=\"font-family: Arial; font-size: 14px;\"><span style=\"font-size: 12pt;\">A<\/span> <span style=\"font-size: 12pt;\">propos de ce quartier, le conseil municipal souligne encore en 1935 &lt;&lt;son aspect peu popre \u00e0 susciter le tourisme avec la stagnation d&rsquo;eau aujourd&rsquo;hui sans d\u00e9bit, surcharg\u00e9e de d\u00e9tritus, et le mauvais entretien d&rsquo;ouvrages condamn\u00e9s \u00e0 dispara\u00eetre&gt;&gt;.<\/span><\/span><\/p>\n<p style=\"text-align: justify;\" align=\"justify\"><span style=\"font-family: Arial; font-size: 12pt;\">Inqui\u00e8te devant la pollution constante de la rivi\u00e8re, la ville d\u00e9cide finalement son comblement le 15 novembre 1937.<\/span><\/p>\n<p style=\"text-align: justify;\" align=\"justify\"><span style=\"font-family: Arial; font-size: 12pt;\">Le comblement commence en mars 1938. En octobre 1940, la Ville et les Ponts et Chauss\u00e9es s&rsquo;accordent sur la d\u00e9molition des ponts de l&rsquo;Erdre, tandis, que les chomeurs sont employ\u00e9s sur les chantiers de terrassement. Les travaux se poursuivent tout au long des ann\u00e9es 1941 et 1942.<\/span><\/p>\n<table border=\"0\" align=\"center\">\n<tbody>\n<tr>\n<td>\u00a0<img loading=\"lazy\" decoding=\"async\" src=\"http:\/\/valderdre.fr\/xjml517\/images\/stories\/erdre\/ntes_018.jpg\" width=\"200\" height=\"123\" border=\"0\" \/><\/td>\n<td><\/td>\n<td>\u00a0<img loading=\"lazy\" decoding=\"async\" src=\"http:\/\/valderdre.fr\/xjml517\/images\/stories\/erdre\/ntes_028.jpg\" width=\"200\" height=\"135\" border=\"0\" \/><\/td>\n<\/tr>\n<tr>\n<td>\n<p align=\"center\"><span style=\"color: #ff0000;\">\u00a0<\/span><span style=\"font-family: 'Times New Roman';\"><span style=\"color: #0000ff; font-family: Arial; font-size: 12px;\">Le chantier dans le lit de l&rsquo;Erdre,<br \/>\nau niveau<br \/>\nde l&rsquo;ancienne \u00e9cluse, en octobre 1940<\/span><\/span><\/p>\n<\/td>\n<td><\/td>\n<td>\n<p align=\"center\"><span style=\"font-family: 'Times New Roman';\"><span style=\"color: #0000ff; font-family: Arial; font-size: 12px;\">L&rsquo;ancien quai des tanneurs et<br \/>\nle lit de l&rsquo;Erdre<br \/>\nen cours d&rsquo;am\u00e9nagement en octobre 1940<\/span><\/span><\/p>\n<\/td>\n<\/tr>\n<\/tbody>\n<\/table>\n","protected":false},"excerpt":{"rendered":"<p>Le comblement de l&rsquo;Erdre Cela fait bien longtemps que la travers\u00e9e de l&rsquo;Erdre dans Nantes est jug\u00e9e dangereuse pour l&rsquo;hygi\u00e8ne publique. boueuse, stagnante, \u00e9paisse, mal-saine la rivi\u00e8re de l&rsquo;Erdre est paresseuse &gt;&gt; \u00e9crit Dubuisson-Aubenay en 1636 dans ses Itin\u00e9raires de Bretagne. En 1724, des actes de mairie sur les encombrements de l&rsquo;Erdre se font plus pr\u00e9cis et d\u00e9noncent la malpropret\u00e9&#46;&#46;&#46;<\/p>\n","protected":false},"author":1,"featured_media":0,"parent":0,"menu_order":0,"comment_status":"closed","ping_status":"closed","template":"","meta":{"footnotes":""},"class_list":["post-220","page","type-page","status-publish","hentry"],"_links":{"self":[{"href":"http:\/\/valderdre.fr\/wrdp\/wp-json\/wp\/v2\/pages\/220","targetHints":{"allow":["GET"]}}],"collection":[{"href":"http:\/\/valderdre.fr\/wrdp\/wp-json\/wp\/v2\/pages"}],"about":[{"href":"http:\/\/valderdre.fr\/wrdp\/wp-json\/wp\/v2\/types\/page"}],"author":[{"embeddable":true,"href":"http:\/\/valderdre.fr\/wrdp\/wp-json\/wp\/v2\/users\/1"}],"replies":[{"embeddable":true,"href":"http:\/\/valderdre.fr\/wrdp\/wp-json\/wp\/v2\/comments?post=220"}],"version-history":[{"count":12,"href":"http:\/\/valderdre.fr\/wrdp\/wp-json\/wp\/v2\/pages\/220\/revisions"}],"predecessor-version":[{"id":602,"href":"http:\/\/valderdre.fr\/wrdp\/wp-json\/wp\/v2\/pages\/220\/revisions\/602"}],"wp:attachment":[{"href":"http:\/\/valderdre.fr\/wrdp\/wp-json\/wp\/v2\/media?parent=220"}],"curies":[{"name":"wp","href":"https:\/\/api.w.org\/{rel}","templated":true}]}}

<p align="center"><span style="color: #3366ff; font-family: Arial; font-size: 16px;"><u><strong>Le comblement de l&rsquo;Erdre</strong></u></span></p>
<p style="text-align: justify;"><span style="font-family: Arial; font-size: 12pt;">Cela fait bien longtemps que la traversée de l&rsquo;Erdre dans Nantes est jugée dangereuse pour l&rsquo;hygiène publique.<br />
boueuse, stagnante, épaisse, mal-saine la rivière de l&rsquo;Erdre est paresseuse &gt;&gt; écrit Dubuisson-Aubenay en 1636 dans ses Itinéraires de Bretagne.</span></p>
<p style="text-align: justify;"><span style="font-family: Arial; font-size: 12pt;">En 1724, des actes de mairie sur les encombrements de l&rsquo;Erdre se font plus précis et dénoncent la malpropreté des cales, rues et venelles de tout quartier, encombrées d&rsquo;immondices que la pluie entraine à la rivière.</span></p>
<table border="0" align="center">
<tbody>
<tr>
<td>
<p align="center"> <img decoding="async" src="http://valderdre.fr/xjml517/images/stories/erdre/ntes_019.jpg" border="0" /></p>
</td>
</tr>
<tr>
<td>
<p align="center"><span style="color: #0000ff;"> </span><span style="font-family: 'Times New Roman';"><span style="color: #0000ff; font-family: Arial; font-size: 12px;">Vue de l&rsquo;Erdre. Rivière peu propre,<br />
surchargée de détritus</span></span></p>
</td>
</tr>
</tbody>
</table>
<p style="text-align: justify;" align="justify"><span style="font-family: Arial; font-size: 12pt;">En 1859, c&rsquo;est toujours le même son de cloche. Une commission est chargée de se prononcer sur un projet d&rsquo;assainissement et d&rsquo;agrandissement de la ville de Nantes et la rectification du chemin de fer d&rsquo;Orléans au moyen de la dérivation du canal de l&rsquo;Erdre et de la suppression du bras Brancas.</span></p>
<p style="text-align: justify;" align="justify"><span style="color: #3366ff; font-family: Arial; font-size: 12pt;"><strong><u>Rapport de la commission</u></strong></span></p>
<p style="text-align: justify;" align="justify"><span style="font-family: Arial; font-size: 12pt;">« L&rsquo;infection des eaux de l&rsquo;Erdre dans la traversée de Nantes a éveillé depuis quelques années les préoccupations de l&rsquo;opinion publique.</span></p>
<p style="text-align: justify;"><span style="font-size: 12pt;">En présence des condiftion de force majeur inhérentes d&rsquo;une part au développement de la population et de l&rsquo;industrie, et d&rsquo;autre part, à la communication directe de l&rsquo;Erdre avec les égouts chargés de matières fécales, de résidus de tanneries, de liquides ammonaciaux et goudronneux, d&rsquo;eaux menagères etc&#8230;</span></p>
<p style="text-align: justify;"><span style="font-size: 12pt;">0n peut dire que ce cours d&rsquo;eau constitue pendant les périodes de sécheresse et de chaleur un véritable cloaque, en réalité un prolongement des conduites de latrines de tout un quartier populeux. »</span></p>
<p style="text-align: justify;" align="justify"><span style="font-family: Arial; font-size: 12pt;">Ainsi le projet du <span style="color: #3366ff;"><u>détournement</u></span> de l&rsquo;Erdre est beaucoup plus ancien que celui des comblements de la Loire. Peu satisfaisant, le projet de 1866 n&rsquo;est pas retenu, mais d&rsquo;autres études sont faites:</span></p>
<ul style="text-align: justify;">
<li><span style="font-family: Arial; font-size: 12pt;">   en 1894 par l&rsquo;adjoint au maire,</span></li>
<li><span style="font-family: Arial; font-size: 12pt;"><span style="font-family: Arial;">   en 1914 par le service maritime</span></span></li>
</ul>
<p style="text-align: justify;" align="justify"><span style="font-family: Arial; font-size: 12pt;">toutes motivées par un souci de salubrité publique</span></p>
<p style="text-align: justify;" align="justify"><span style="font-family: Arial; font-size: 12pt;">En 1934, on hésite encore à combler l&rsquo;Erdre. Les vedettes et les bâteaux de plaisance utilisent son cours plutôt que le tunel, et le remblaiement des bras de la Loire absorbe de grosse quantité de sable.</span></p>
<p style="text-align: justify;" align="justify"><span style="font-family: Arial; font-size: 12pt;">Puis naissent divers projets:</span></p>
<ul>
<li style="text-align: justify;"><span style="font-family: Arial; font-size: 12pt;">Créer une gare routière en surface,</span></li>
<li style="text-align: justify;"><span style="font-family: Arial; font-size: 12pt;"><span style="font-family: Arial;">aménagée une chaussée souterraine.</span></span></li>
</ul>
<table border="1" align="center">
<tbody>
<tr>
<td> <img loading="lazy" decoding="async" src="http://valderdre.fr/xjml517/images/stories/erdre/ntes_018.jpg" width="200" height="123" border="0" /></td>
<td></td>
<td> <img loading="lazy" decoding="async" src="http://valderdre.fr/xjml517/images/stories/erdre/ntes_027.jpg" width="200" height="123" border="0" /></td>
</tr>
<tr>
<td>
<p align="center"><span style="color: #ff0000;"> </span><span style="font-family: 'Times New Roman';"><span style="color: #0000ff; font-family: Arial; font-size: 12px;">Le chantier dans le lit de l&rsquo;Erdre, au niveau<br />
de l&rsquo;ancienne écluse, en octobre 1940</span></span></p>
</td>
<td></td>
<td>
<p align="center"> <span style="font-family: 'Times New Roman';"><span style="color: #0000ff; font-family: Arial; font-size: 12px;">Travaux d&rsquo;aménagement sur le lit<br />
de l&rsquo;Erdre, octobre 1940</span></span></p>
</td>
</tr>
</tbody>
</table>
<p style="text-align: justify;" align="justify"><span style="font-family: Arial; font-size: 14px;"><span style="font-size: 12pt;">A</span> <span style="font-size: 12pt;">propos de ce quartier, le conseil municipal souligne encore en 1935 &lt;&lt;son aspect peu popre à susciter le tourisme avec la stagnation d&rsquo;eau aujourd&rsquo;hui sans débit, surchargée de détritus, et le mauvais entretien d&rsquo;ouvrages condamnés à disparaître&gt;&gt;.</span></span></p>
<p style="text-align: justify;" align="justify"><span style="font-family: Arial; font-size: 12pt;">Inquiète devant la pollution constante de la rivière, la ville décide finalement son comblement le 15 novembre 1937.</span></p>
<p style="text-align: justify;" align="justify"><span style="font-family: Arial; font-size: 12pt;">Le comblement commence en mars 1938. En octobre 1940, la Ville et les Ponts et Chaussées s&rsquo;accordent sur la démolition des ponts de l&rsquo;Erdre, tandis, que les chomeurs sont employés sur les chantiers de terrassement. Les travaux se poursuivent tout au long des années 1941 et 1942.</span></p>
<table border="0" align="center">
<tbody>
<tr>
<td> <img loading="lazy" decoding="async" src="http://valderdre.fr/xjml517/images/stories/erdre/ntes_018.jpg" width="200" height="123" border="0" /></td>
<td></td>
<td> <img loading="lazy" decoding="async" src="http://valderdre.fr/xjml517/images/stories/erdre/ntes_028.jpg" width="200" height="135" border="0" /></td>
</tr>
<tr>
<td>
<p align="center"><span style="color: #ff0000;"> </span><span style="font-family: 'Times New Roman';"><span style="color: #0000ff; font-family: Arial; font-size: 12px;">Le chantier dans le lit de l&rsquo;Erdre,<br />
au niveau<br />
de l&rsquo;ancienne écluse, en octobre 1940</span></span></p>
</td>
<td></td>
<td>
<p align="center"><span style="font-family: 'Times New Roman';"><span style="color: #0000ff; font-family: Arial; font-size: 12px;">L&rsquo;ancien quai des tanneurs et<br />
le lit de l&rsquo;Erdre<br />
en cours d&rsquo;aménagement en octobre 1940</span></span></p>
</td>
</tr>
</tbody>
</table>

<p>Le comblement de l&rsquo;Erdre Cela fait bien longtemps que la traversée de l&rsquo;Erdre dans Nantes est jugée dangereuse pour l&rsquo;hygiène publique. boueuse, stagnante, épaisse, mal-saine la rivière de l&rsquo;Erdre est paresseuse &gt;&gt; écrit Dubuisson-Aubenay en 1636 dans ses Itinéraires de Bretagne. En 1724, des actes de mairie sur les encombrements de l&rsquo;Erdre se font plus précis et dénoncent la malpropreté&#46;&#46;&#46;</p>
