{"id":200,"date":"2020-10-31T18:18:44","date_gmt":"2020-10-31T17:18:44","guid":{"rendered":"http:\/\/localhost\/?page_id=200"},"modified":"2020-12-09T16:24:17","modified_gmt":"2020-12-09T15:24:17","slug":"erdre_saint_felix","status":"publish","type":"page","link":"http:\/\/valderdre.fr\/wrdp\/erdre_saint_felix\/","title":{"rendered":"erdre_saint_felix"},"content":{"rendered":"<table class=\"contentpaneopen\">\n<tbody>\n<tr>\n<td valign=\"top\">\n<h2 align=\"center\"><span style=\"color: #0000ff; font-family: Arial; font-size: 16px;\"><strong><u><img decoding=\"async\" class=\"alignleft\" src=\"http:\/\/valderdre.fr\/xjml517\/images\/stories\/erdre\/dscn0259.jpg\" align=\"left\" border=\"0\" hspace=\"8\" \/><\/u><\/strong><\/span><span style=\"color: #3366ff; font-family: Arial; font-size: 16px;\"><strong><u>L&rsquo;Ecluse et le Canal Saint-F\u00e9lix<\/u><\/strong><\/span><\/h2>\n<p align=\"justify\"><span style=\"font-family: Arial; font-size: 12pt;\">Que pourrait penser l&rsquo;ing\u00e9nieur de Silguy qui avait construit la premi\u00e8re \u00e9cluse en 1928 en voyant celle en fonctionnement aujourd&rsquo;hui sur le canal Saint-F\u00e9lix.<\/span><\/p>\n<p align=\"justify\"><span style=\"font-family: Arial; font-size: 12pt;\">T\u00e9l\u00e9surveillance, d\u00e9tection automatique\u00a0des bateaux, assistance par ordianateur, toute la haute technologie pour commander cet ouvrage de 58\u00a0m\u00e8tres de long, 8 m\u00e8tres de profondeur dont les portes de l&rsquo;\u00e9cluse ont la particularit\u00e9 de s&rsquo;ouvrir verticalement, et pour surveiller le tunnel souterrain de 800 m\u00e8tres conduisant les eaux de l&rsquo;Erdre et les bateaux \u00e0 la Loire.<\/span><\/p>\n<p align=\"justify\"><span style=\"font-family: Arial; font-size: 12pt;\">Canal, Ecluse et Tunnel portent le nom de Saint-F\u00e9lix, seizi\u00e8me \u00e9v\u00e8que de Nantes en 550 et le plus illustre de son temps<\/span><\/p>\n<p align=\"justify\"><span style=\"font-family: Arial; font-size: 12pt;\">Il fait creuser le canal qui porte son nom entre les pariries des Mauves et de la Magdeleine, conduisant les eaux de la Loire au pied du ch\u00e2teau jusqu&rsquo;\u00e0 la Fosse.<\/span><\/p>\n<p align=\"justify\"><span style=\"font-family: Arial; font-size: 12pt;\">Il entreprend de nombreux am\u00e9nagements de l&rsquo;Erdre. Il y dresse des barrages ou chauss\u00e9es (Barbin, les Halles) gommant sous 2 m\u00e8tres d&rsquo;eau les marais insalubres.<\/span><\/p>\n<p align=\"justify\"><span style=\"font-family: Arial; font-size: 12pt;\">Il rend ainsi la rivi\u00e8re navigable et en fait d\u00e8s l&rsquo;origine un axe de d\u00e9veloppement \u00e9conomique et urbain de la cit\u00e9 lig\u00e9rienne.<\/span><\/p>\n<p align=\"justify\"><span style=\"font-family: Arial; font-size: 12pt;\">Au XVIII i\u00e8me si\u00e8cle, avec le d\u00e9veloppement du commerce maritime, on assiste au transfert de la plupart des activit\u00e9s \u00e9conomiques vers l&rsquo;estuaire de la Loire.<\/span><\/p>\n<p align=\"justify\"><span style=\"font-family: Arial; font-size: 12pt;\">La construction du canal de Nantes \u00e0 Brest au d\u00e9but du XIX\u00e8me si\u00e8cle et la naissance de la batellerie feront sortir l&rsquo;Erdre de sa torpeur en \u00e9largissant ses relations avec toute la Bretagne.<\/span><\/p>\n<table border=\"1\" align=\"center\">\n<tbody>\n<tr>\n<td>\u00a0<img loading=\"lazy\" decoding=\"async\" src=\"http:\/\/valderdre.fr\/xjml517\/images\/stories\/erdre\/dscn0263.jpg\" width=\"200\" height=\"150\" border=\"0\" \/><\/td>\n<td><\/td>\n<td>\u00a0<img loading=\"lazy\" decoding=\"async\" src=\"http:\/\/valderdre.fr\/xjml517\/images\/stories\/erdre\/dscn0267.jpg\" width=\"200\" height=\"150\" border=\"0\" \/><\/td>\n<\/tr>\n<tr>\n<td>\u00a0<img loading=\"lazy\" decoding=\"async\" src=\"http:\/\/valderdre.fr\/xjml517\/images\/stories\/erdre\/dscn0270.jpg\" width=\"200\" height=\"150\" border=\"0\" \/><\/td>\n<td><\/td>\n<td>\u00a0<img loading=\"lazy\" decoding=\"async\" src=\"http:\/\/valderdre.fr\/xjml517\/images\/stories\/erdre\/dscn0272.jpg\" width=\"200\" height=\"150\" border=\"0\" \/><\/td>\n<\/tr>\n<tr>\n<td>\u00a0<img loading=\"lazy\" decoding=\"async\" src=\"http:\/\/valderdre.fr\/xjml517\/images\/stories\/erdre\/dscn0274.jpg\" width=\"200\" height=\"150\" border=\"0\" \/><\/td>\n<td><\/td>\n<td>\u00a0<img loading=\"lazy\" decoding=\"async\" src=\"http:\/\/valderdre.fr\/xjml517\/images\/stories\/erdre\/dscn0259.jpg\" width=\"200\" height=\"150\" border=\"0\" \/><\/td>\n<\/tr>\n<\/tbody>\n<\/table>\n<p>&nbsp;<\/td>\n<\/tr>\n<\/tbody>\n<\/table>\n<p><span class=\"article_separator\">\u00a0<\/span><\/p>\n","protected":false},"excerpt":{"rendered":"<p>L&rsquo;Ecluse et le Canal Saint-F\u00e9lix Que pourrait penser l&rsquo;ing\u00e9nieur de Silguy qui avait construit la premi\u00e8re \u00e9cluse en 1928 en voyant celle en fonctionnement aujourd&rsquo;hui sur le canal Saint-F\u00e9lix. T\u00e9l\u00e9surveillance, d\u00e9tection automatique\u00a0des bateaux, assistance par ordianateur, toute la haute technologie pour commander cet ouvrage de 58\u00a0m\u00e8tres de long, 8 m\u00e8tres de profondeur dont les portes de l&rsquo;\u00e9cluse ont la particularit\u00e9&#46;&#46;&#46;<\/p>\n","protected":false},"author":1,"featured_media":0,"parent":0,"menu_order":0,"comment_status":"closed","ping_status":"closed","template":"","meta":{"footnotes":""},"class_list":["post-200","page","type-page","status-publish","hentry"],"_links":{"self":[{"href":"http:\/\/valderdre.fr\/wrdp\/wp-json\/wp\/v2\/pages\/200","targetHints":{"allow":["GET"]}}],"collection":[{"href":"http:\/\/valderdre.fr\/wrdp\/wp-json\/wp\/v2\/pages"}],"about":[{"href":"http:\/\/valderdre.fr\/wrdp\/wp-json\/wp\/v2\/types\/page"}],"author":[{"embeddable":true,"href":"http:\/\/valderdre.fr\/wrdp\/wp-json\/wp\/v2\/users\/1"}],"replies":[{"embeddable":true,"href":"http:\/\/valderdre.fr\/wrdp\/wp-json\/wp\/v2\/comments?post=200"}],"version-history":[{"count":16,"href":"http:\/\/valderdre.fr\/wrdp\/wp-json\/wp\/v2\/pages\/200\/revisions"}],"predecessor-version":[{"id":600,"href":"http:\/\/valderdre.fr\/wrdp\/wp-json\/wp\/v2\/pages\/200\/revisions\/600"}],"wp:attachment":[{"href":"http:\/\/valderdre.fr\/wrdp\/wp-json\/wp\/v2\/media?parent=200"}],"curies":[{"name":"wp","href":"https:\/\/api.w.org\/{rel}","templated":true}]}}

<table class="contentpaneopen">
<tbody>
<tr>
<td valign="top">
<h2 align="center"><span style="color: #0000ff; font-family: Arial; font-size: 16px;"><strong><u><img decoding="async" class="alignleft" src="http://valderdre.fr/xjml517/images/stories/erdre/dscn0259.jpg" align="left" border="0" hspace="8" /></u></strong></span><span style="color: #3366ff; font-family: Arial; font-size: 16px;"><strong><u>L&rsquo;Ecluse et le Canal Saint-Félix</u></strong></span></h2>
<p align="justify"><span style="font-family: Arial; font-size: 12pt;">Que pourrait penser l&rsquo;ingénieur de Silguy qui avait construit la première écluse en 1928 en voyant celle en fonctionnement aujourd&rsquo;hui sur le canal Saint-Félix.</span></p>
<p align="justify"><span style="font-family: Arial; font-size: 12pt;">Télésurveillance, détection automatique des bateaux, assistance par ordianateur, toute la haute technologie pour commander cet ouvrage de 58 mètres de long, 8 mètres de profondeur dont les portes de l&rsquo;écluse ont la particularité de s&rsquo;ouvrir verticalement, et pour surveiller le tunnel souterrain de 800 mètres conduisant les eaux de l&rsquo;Erdre et les bateaux à la Loire.</span></p>
<p align="justify"><span style="font-family: Arial; font-size: 12pt;">Canal, Ecluse et Tunnel portent le nom de Saint-Félix, seizième évèque de Nantes en 550 et le plus illustre de son temps</span></p>
<p align="justify"><span style="font-family: Arial; font-size: 12pt;">Il fait creuser le canal qui porte son nom entre les pariries des Mauves et de la Magdeleine, conduisant les eaux de la Loire au pied du château jusqu&rsquo;à la Fosse.</span></p>
<p align="justify"><span style="font-family: Arial; font-size: 12pt;">Il entreprend de nombreux aménagements de l&rsquo;Erdre. Il y dresse des barrages ou chaussées (Barbin, les Halles) gommant sous 2 mètres d&rsquo;eau les marais insalubres.</span></p>
<p align="justify"><span style="font-family: Arial; font-size: 12pt;">Il rend ainsi la rivière navigable et en fait dès l&rsquo;origine un axe de développement économique et urbain de la cité ligérienne.</span></p>
<p align="justify"><span style="font-family: Arial; font-size: 12pt;">Au XVIII ième siècle, avec le développement du commerce maritime, on assiste au transfert de la plupart des activités économiques vers l&rsquo;estuaire de la Loire.</span></p>
<p align="justify"><span style="font-family: Arial; font-size: 12pt;">La construction du canal de Nantes à Brest au début du XIXème siècle et la naissance de la batellerie feront sortir l&rsquo;Erdre de sa torpeur en élargissant ses relations avec toute la Bretagne.</span></p>
<table border="1" align="center">
<tbody>
<tr>
<td> <img loading="lazy" decoding="async" src="http://valderdre.fr/xjml517/images/stories/erdre/dscn0263.jpg" width="200" height="150" border="0" /></td>
<td></td>
<td> <img loading="lazy" decoding="async" src="http://valderdre.fr/xjml517/images/stories/erdre/dscn0267.jpg" width="200" height="150" border="0" /></td>
</tr>
<tr>
<td> <img loading="lazy" decoding="async" src="http://valderdre.fr/xjml517/images/stories/erdre/dscn0270.jpg" width="200" height="150" border="0" /></td>
<td></td>
<td> <img loading="lazy" decoding="async" src="http://valderdre.fr/xjml517/images/stories/erdre/dscn0272.jpg" width="200" height="150" border="0" /></td>
</tr>
<tr>
<td> <img loading="lazy" decoding="async" src="http://valderdre.fr/xjml517/images/stories/erdre/dscn0274.jpg" width="200" height="150" border="0" /></td>
<td></td>
<td> <img loading="lazy" decoding="async" src="http://valderdre.fr/xjml517/images/stories/erdre/dscn0259.jpg" width="200" height="150" border="0" /></td>
</tr>
</tbody>
</table>
<p>&nbsp;</td>
</tr>
</tbody>
</table>
<p><span class="article_separator"> </span></p>

<p>L&rsquo;Ecluse et le Canal Saint-Félix Que pourrait penser l&rsquo;ingénieur de Silguy qui avait construit la première écluse en 1928 en voyant celle en fonctionnement aujourd&rsquo;hui sur le canal Saint-Félix. Télésurveillance, détection automatique des bateaux, assistance par ordianateur, toute la haute technologie pour commander cet ouvrage de 58 mètres de long, 8 mètres de profondeur dont les portes de l&rsquo;écluse ont la particularité&#46;&#46;&#46;</p>
