{"id":1396,"date":"2021-10-19T21:45:48","date_gmt":"2021-10-19T19:45:48","guid":{"rendered":"http:\/\/valderdre.fr\/wrdp\/?page_id=1396"},"modified":"2021-10-19T23:19:56","modified_gmt":"2021-10-19T21:19:56","slug":"mazerolles","status":"publish","type":"page","link":"http:\/\/valderdre.fr\/wrdp\/mazerolles\/","title":{"rendered":"mazerolles"},"content":{"rendered":"<p><strong><span style=\"color: #3366ff;\"><img loading=\"lazy\" decoding=\"async\" class=\" wp-image-1405 alignright\" src=\"http:\/\/valderdre.fr\/wrdp\/wp-content\/uploads\/DSCF5241-300x225.jpg\" alt=\"\" width=\"219\" height=\"164\" srcset=\"http:\/\/valderdre.fr\/wrdp\/wp-content\/uploads\/DSCF5241-300x225.jpg 300w, http:\/\/valderdre.fr\/wrdp\/wp-content\/uploads\/DSCF5241-1024x768.jpg 1024w, http:\/\/valderdre.fr\/wrdp\/wp-content\/uploads\/DSCF5241-200x150.jpg 200w, http:\/\/valderdre.fr\/wrdp\/wp-content\/uploads\/DSCF5241-768x576.jpg 768w, http:\/\/valderdre.fr\/wrdp\/wp-content\/uploads\/DSCF5241-1536x1152.jpg 1536w, http:\/\/valderdre.fr\/wrdp\/wp-content\/uploads\/DSCF5241-2048x1536.jpg 2048w, http:\/\/valderdre.fr\/wrdp\/wp-content\/uploads\/DSCF5241-24x18.jpg 24w, http:\/\/valderdre.fr\/wrdp\/wp-content\/uploads\/DSCF5241-36x27.jpg 36w, http:\/\/valderdre.fr\/wrdp\/wp-content\/uploads\/DSCF5241-48x36.jpg 48w\" sizes=\"auto, (max-width: 219px) 100vw, 219px\" \/>Plaines de Mazerolles<\/span><\/strong><\/p>\n<p>Loire-Atlantique. Mazerolles, une oasis de verdure entre plaine et marais.<\/p>\n<p style=\"text-align: justify;\">Nich\u00e9s au nord de Nantes, la plaine et le marais de Mazerolles, class\u00e9s zone Natura 2000, regorgent de surprises. Base nautique, refuge pour les animaux ou encore parcours de randonn\u00e9es rendent le site attractif.<\/p>\n<p style=\"text-align: justify;\">L\u2019\u00eele de Mazerolles n\u2019a pas grand-chose d\u2019insulaire, mais elle attire de plus en plus de monde. Mazerolles est devenu une vitrine pour la commune constate Jean-Louis Roger, maire de Suc\u00e9-sur-Erdre.<\/p>\n<p style=\"text-align: justify;\"><span style=\"color: #3366ff;\"><strong>Une zone class\u00e9e Natura 2000<br \/>\n<\/strong><\/span>Entre Petit-Mars et Suc\u00e9-sur-Erdre, \u00e0 vingt minutes au nord de Nantes, Mazerolles se partage entre plaine et marais. D\u2019un c\u00f4t\u00e9, les chemins de randonn\u00e9e et le plan d\u2019eau des v\u00e9liplanchistes. De l\u2019autre, un refuge pour les b\u00eates dans une zone class\u00e9e Natura 2000. Soit un site naturel \u00e0 grande valeur patrimoniale. Donc prot\u00e9g\u00e9<\/p>\n<p style=\"text-align: justify;\">En 2014, la Ville a repris l\u2019ancienne base nautique de l\u2019ASPTT. R\u00e9sultat : le site est rempli tous les week-ends. Les v\u00e9liplanchistes adorent venir ici. Le plan d\u2019eau de l\u2019Erdre accueille \u00e9galement des paddles, des kayaks et m\u00eame de petits bateaux. La Belle plaisance passe une journ\u00e9e ici tous les ans, dans le cadre des Rendez-vous de l\u2019Erdre \u00bb<\/p>\n<table style=\"border-collapse: collapse; width: 100%;\">\n<tbody>\n<tr>\n<td style=\"width: 33.3333%;\"><img loading=\"lazy\" decoding=\"async\" class=\"alignnone size-medium wp-image-1406 aligncenter\" src=\"http:\/\/valderdre.fr\/wrdp\/wp-content\/uploads\/DSCF5247-300x225.jpg\" alt=\"\" width=\"300\" height=\"225\" srcset=\"http:\/\/valderdre.fr\/wrdp\/wp-content\/uploads\/DSCF5247-300x225.jpg 300w, http:\/\/valderdre.fr\/wrdp\/wp-content\/uploads\/DSCF5247-1024x768.jpg 1024w, http:\/\/valderdre.fr\/wrdp\/wp-content\/uploads\/DSCF5247-200x150.jpg 200w, http:\/\/valderdre.fr\/wrdp\/wp-content\/uploads\/DSCF5247-768x576.jpg 768w, http:\/\/valderdre.fr\/wrdp\/wp-content\/uploads\/DSCF5247-1536x1152.jpg 1536w, http:\/\/valderdre.fr\/wrdp\/wp-content\/uploads\/DSCF5247-2048x1536.jpg 2048w, http:\/\/valderdre.fr\/wrdp\/wp-content\/uploads\/DSCF5247-24x18.jpg 24w, http:\/\/valderdre.fr\/wrdp\/wp-content\/uploads\/DSCF5247-36x27.jpg 36w, http:\/\/valderdre.fr\/wrdp\/wp-content\/uploads\/DSCF5247-48x36.jpg 48w\" sizes=\"auto, (max-width: 300px) 100vw, 300px\" \/><\/td>\n<td style=\"width: 33.3333%;\"><img loading=\"lazy\" decoding=\"async\" class=\"alignnone size-medium wp-image-1404 aligncenter\" src=\"http:\/\/valderdre.fr\/wrdp\/wp-content\/uploads\/100_2625-300x225.jpg\" alt=\"\" width=\"300\" height=\"225\" srcset=\"http:\/\/valderdre.fr\/wrdp\/wp-content\/uploads\/100_2625-300x225.jpg 300w, http:\/\/valderdre.fr\/wrdp\/wp-content\/uploads\/100_2625-1024x768.jpg 1024w, http:\/\/valderdre.fr\/wrdp\/wp-content\/uploads\/100_2625-200x150.jpg 200w, http:\/\/valderdre.fr\/wrdp\/wp-content\/uploads\/100_2625-768x576.jpg 768w, http:\/\/valderdre.fr\/wrdp\/wp-content\/uploads\/100_2625-1536x1152.jpg 1536w, http:\/\/valderdre.fr\/wrdp\/wp-content\/uploads\/100_2625-24x18.jpg 24w, http:\/\/valderdre.fr\/wrdp\/wp-content\/uploads\/100_2625-36x27.jpg 36w, http:\/\/valderdre.fr\/wrdp\/wp-content\/uploads\/100_2625-48x36.jpg 48w, http:\/\/valderdre.fr\/wrdp\/wp-content\/uploads\/100_2625.jpg 1656w\" sizes=\"auto, (max-width: 300px) 100vw, 300px\" \/><\/td>\n<td style=\"width: 33.3333%;\"><img loading=\"lazy\" decoding=\"async\" class=\"alignnone size-medium wp-image-1407 aligncenter\" src=\"http:\/\/valderdre.fr\/wrdp\/wp-content\/uploads\/DSCF5252-300x225.jpg\" alt=\"\" width=\"300\" height=\"225\" srcset=\"http:\/\/valderdre.fr\/wrdp\/wp-content\/uploads\/DSCF5252-300x225.jpg 300w, http:\/\/valderdre.fr\/wrdp\/wp-content\/uploads\/DSCF5252-1024x768.jpg 1024w, http:\/\/valderdre.fr\/wrdp\/wp-content\/uploads\/DSCF5252-200x150.jpg 200w, http:\/\/valderdre.fr\/wrdp\/wp-content\/uploads\/DSCF5252-768x576.jpg 768w, http:\/\/valderdre.fr\/wrdp\/wp-content\/uploads\/DSCF5252-1536x1152.jpg 1536w, http:\/\/valderdre.fr\/wrdp\/wp-content\/uploads\/DSCF5252-2048x1536.jpg 2048w, http:\/\/valderdre.fr\/wrdp\/wp-content\/uploads\/DSCF5252-24x18.jpg 24w, http:\/\/valderdre.fr\/wrdp\/wp-content\/uploads\/DSCF5252-36x27.jpg 36w, http:\/\/valderdre.fr\/wrdp\/wp-content\/uploads\/DSCF5252-48x36.jpg 48w\" sizes=\"auto, (max-width: 300px) 100vw, 300px\" \/><\/td>\n<\/tr>\n<\/tbody>\n<\/table>\n<p style=\"text-align: justify;\"><span style=\"color: #3366ff;\"><strong>Un paradis pour les petites b\u00eates<br \/>\n<\/strong><\/span>Tout ne tourne pas autour du plan d\u2019eau \u00e0 Mazerolles. L\u2019\u00eele est aussi un refuge pour les petites b\u00eates. Les insectes et les oiseaux notamment. Les \u00e9l\u00e8ves de Suc\u00e9-sur-Erdre font des initiations avec la Ligue de protection tous les ans.<\/p>\n<p style=\"text-align: justify;\">L\u2019association LPO organise des chasses aux papillons. Le but ? Attraper et identifier les l\u00e9pidopt\u00e8res pour sensibiliser les participants \u00e0 la protection de l\u2019environnement. Au-dessus de l\u2019\u00eele de Mazerolles, d\u2019autres b\u00eates ont pris possession des lieux. Changement d\u2019ambiance dans les marais. Des dizaines d\u2019esp\u00e8ces d\u2019oiseaux z\u00e8brent le ciel du Breil, \u00e0 Petit-Mars. Tous ces oiseaux, attestent de la bonne gestion du marais.<\/p>\n<p style=\"text-align: justify;\">L\u2019homme g\u00e8re 650 des 750 hectares du marais. Un syst\u00e8me d\u2019agro-\u00e9conomie a \u00e9t\u00e9 mis en place sur le site. Ainsi, dans les marais de Mazerolles se trouvent un \u00e9levage de Wagyu, les b\u0153ufs de Kob\u00e9, et des ruches pour les abeilles. Il est \u00e9galement possible d\u2019y chasser et d\u2019y p\u00eacher.<\/p>\n<p style=\"text-align: justify;\">Pour promouvoir ce mod\u00e8le, des Kotas sont cr\u00e9\u00e9s en 2016. Ces maisons de bois sur pilotis, au confort sommaire, visent \u00e0 sensibiliser les clients \u00e0 l\u2019environnement et\u00a0 promouvoir le tourisme vert. Chaque ann\u00e9e, entre 300 et 400 clients passent une nuit sur le marais.<\/p>\n<p style=\"text-align: justify;\"><strong><span style=\"color: #3366ff;\">Les premiers permis bateaux pass\u00e9s \u00e0 Mazerolles<br \/>\n<\/span><\/strong>Le coin est bien connu des v\u00e9liplanchistes. Mais la base nautique de Mazerolles, \u00e0 Suc\u00e9-sur-Erdre, s\u2019est r\u00e9cemment ouverte au permis bateau. C\u2019\u00e9tait dommage de ne pas proposer cette activit\u00e9. R\u00e9sultat, en ao\u00fbt, le bateau \u00e9cole du centre nautique a vu ses deux premiers stagiaires r\u00e9ussir les examens th\u00e9oriques et pratiques du permis bateau. Il est \u00e9galement possible de louer des cano\u00ebs, des paddles ou encore des planches \u00e0 voile sur place.<\/p>\n<p style=\"text-align: justify;\"><strong><span style=\"color: #3366ff;\">Nouveaux am\u00e9nagements \u00e0 la base nautique<br \/>\n<\/span><\/strong>La base nautique de Mazerolles poursuit sa mue. La Ville a pr\u00e9vu de continuer \u00e0 investir dans le complexe. Apr\u00e8s avoir r\u00e9nov\u00e9 le b\u00e2timent principal de l\u2019association de voile, qui compte vingt-neuf chambres pour accueillir les comp\u00e9titeurs ainsi qu\u2019une grande salle des f\u00eates, la municipalit\u00e9 envisage de cr\u00e9er un espace pour le camping. \u00ab La difficult\u00e9 sur ce site, c\u2019est qu\u2019il est class\u00e9, on ne peut pas construire n\u2019importe quoi. \u00bb<\/p>\n<p style=\"text-align: justify;\">Pour contourner le probl\u00e8me, la Ville imagine am\u00e9nager un terrain vierge pour donner la possibilit\u00e9 aux campeurs de s\u2019y installer pour une nuit. \u00ab Le lieu est tr\u00e8s attractif. Beaucoup de monde cherche \u00e0 s\u2019y installer. Le projet devrait voir le jour d\u2019ici l\u2019an prochain.<\/p>\n<table style=\"border-collapse: collapse; width: 100%;\">\n<tbody>\n<tr>\n<td style=\"width: 33.3333%;\"><img loading=\"lazy\" decoding=\"async\" class=\"alignnone size-medium wp-image-1409 aligncenter\" src=\"http:\/\/valderdre.fr\/wrdp\/wp-content\/uploads\/DSCF5258-300x225.jpg\" alt=\"\" width=\"300\" height=\"225\" srcset=\"http:\/\/valderdre.fr\/wrdp\/wp-content\/uploads\/DSCF5258-300x225.jpg 300w, http:\/\/valderdre.fr\/wrdp\/wp-content\/uploads\/DSCF5258-1024x768.jpg 1024w, http:\/\/valderdre.fr\/wrdp\/wp-content\/uploads\/DSCF5258-200x150.jpg 200w, http:\/\/valderdre.fr\/wrdp\/wp-content\/uploads\/DSCF5258-768x576.jpg 768w, http:\/\/valderdre.fr\/wrdp\/wp-content\/uploads\/DSCF5258-1536x1152.jpg 1536w, http:\/\/valderdre.fr\/wrdp\/wp-content\/uploads\/DSCF5258-2048x1536.jpg 2048w, http:\/\/valderdre.fr\/wrdp\/wp-content\/uploads\/DSCF5258-24x18.jpg 24w, http:\/\/valderdre.fr\/wrdp\/wp-content\/uploads\/DSCF5258-36x27.jpg 36w, http:\/\/valderdre.fr\/wrdp\/wp-content\/uploads\/DSCF5258-48x36.jpg 48w\" sizes=\"auto, (max-width: 300px) 100vw, 300px\" \/><\/td>\n<td style=\"width: 33.3333%;\"><img loading=\"lazy\" decoding=\"async\" class=\"alignnone size-medium wp-image-1408 aligncenter\" src=\"http:\/\/valderdre.fr\/wrdp\/wp-content\/uploads\/DSCF5253-300x225.jpg\" alt=\"\" width=\"300\" height=\"225\" srcset=\"http:\/\/valderdre.fr\/wrdp\/wp-content\/uploads\/DSCF5253-300x225.jpg 300w, http:\/\/valderdre.fr\/wrdp\/wp-content\/uploads\/DSCF5253-1024x768.jpg 1024w, http:\/\/valderdre.fr\/wrdp\/wp-content\/uploads\/DSCF5253-200x150.jpg 200w, http:\/\/valderdre.fr\/wrdp\/wp-content\/uploads\/DSCF5253-768x576.jpg 768w, http:\/\/valderdre.fr\/wrdp\/wp-content\/uploads\/DSCF5253-1536x1152.jpg 1536w, http:\/\/valderdre.fr\/wrdp\/wp-content\/uploads\/DSCF5253-2048x1536.jpg 2048w, http:\/\/valderdre.fr\/wrdp\/wp-content\/uploads\/DSCF5253-24x18.jpg 24w, http:\/\/valderdre.fr\/wrdp\/wp-content\/uploads\/DSCF5253-36x27.jpg 36w, http:\/\/valderdre.fr\/wrdp\/wp-content\/uploads\/DSCF5253-48x36.jpg 48w\" sizes=\"auto, (max-width: 300px) 100vw, 300px\" \/><\/td>\n<td style=\"width: 33.3333%;\"><img loading=\"lazy\" decoding=\"async\" class=\"alignnone size-medium wp-image-1405 aligncenter\" src=\"http:\/\/valderdre.fr\/wrdp\/wp-content\/uploads\/DSCF5241-300x225.jpg\" alt=\"\" width=\"300\" height=\"225\" srcset=\"http:\/\/valderdre.fr\/wrdp\/wp-content\/uploads\/DSCF5241-300x225.jpg 300w, http:\/\/valderdre.fr\/wrdp\/wp-content\/uploads\/DSCF5241-1024x768.jpg 1024w, http:\/\/valderdre.fr\/wrdp\/wp-content\/uploads\/DSCF5241-200x150.jpg 200w, http:\/\/valderdre.fr\/wrdp\/wp-content\/uploads\/DSCF5241-768x576.jpg 768w, http:\/\/valderdre.fr\/wrdp\/wp-content\/uploads\/DSCF5241-1536x1152.jpg 1536w, http:\/\/valderdre.fr\/wrdp\/wp-content\/uploads\/DSCF5241-2048x1536.jpg 2048w, http:\/\/valderdre.fr\/wrdp\/wp-content\/uploads\/DSCF5241-24x18.jpg 24w, http:\/\/valderdre.fr\/wrdp\/wp-content\/uploads\/DSCF5241-36x27.jpg 36w, http:\/\/valderdre.fr\/wrdp\/wp-content\/uploads\/DSCF5241-48x36.jpg 48w\" sizes=\"auto, (max-width: 300px) 100vw, 300px\" \/><\/td>\n<\/tr>\n<\/tbody>\n<\/table>\n","protected":false},"excerpt":{"rendered":"<p>Plaines de Mazerolles Loire-Atlantique. Mazerolles, une oasis de verdure entre plaine et marais. Nich\u00e9s au nord de Nantes, la plaine et le marais de Mazerolles, class\u00e9s zone Natura 2000, regorgent de surprises. Base nautique, refuge pour les animaux ou encore parcours de randonn\u00e9es rendent le site attractif. L\u2019\u00eele de Mazerolles n\u2019a pas grand-chose d\u2019insulaire, mais elle attire de plus en&#46;&#46;&#46;<\/p>\n","protected":false},"author":1,"featured_media":0,"parent":0,"menu_order":0,"comment_status":"closed","ping_status":"closed","template":"","meta":{"footnotes":""},"class_list":["post-1396","page","type-page","status-publish","hentry"],"_links":{"self":[{"href":"http:\/\/valderdre.fr\/wrdp\/wp-json\/wp\/v2\/pages\/1396","targetHints":{"allow":["GET"]}}],"collection":[{"href":"http:\/\/valderdre.fr\/wrdp\/wp-json\/wp\/v2\/pages"}],"about":[{"href":"http:\/\/valderdre.fr\/wrdp\/wp-json\/wp\/v2\/types\/page"}],"author":[{"embeddable":true,"href":"http:\/\/valderdre.fr\/wrdp\/wp-json\/wp\/v2\/users\/1"}],"replies":[{"embeddable":true,"href":"http:\/\/valderdre.fr\/wrdp\/wp-json\/wp\/v2\/comments?post=1396"}],"version-history":[{"count":8,"href":"http:\/\/valderdre.fr\/wrdp\/wp-json\/wp\/v2\/pages\/1396\/revisions"}],"predecessor-version":[{"id":1411,"href":"http:\/\/valderdre.fr\/wrdp\/wp-json\/wp\/v2\/pages\/1396\/revisions\/1411"}],"wp:attachment":[{"href":"http:\/\/valderdre.fr\/wrdp\/wp-json\/wp\/v2\/media?parent=1396"}],"curies":[{"name":"wp","href":"https:\/\/api.w.org\/{rel}","templated":true}]}}