{"id":1382,"date":"2021-10-18T22:28:36","date_gmt":"2021-10-18T20:28:36","guid":{"rendered":"http:\/\/valderdre.fr\/wrdp\/?page_id=1382"},"modified":"2021-10-18T23:07:15","modified_gmt":"2021-10-18T21:07:15","slug":"port-jean","status":"publish","type":"page","link":"http:\/\/valderdre.fr\/wrdp\/port-jean\/","title":{"rendered":"port-jean"},"content":{"rendered":"<p><span style=\"color: #3366ff; font-size: 14pt;\"><strong>Port-Jean (Carquefou)<\/strong><\/span><\/p>\n<p style=\"text-align: justify;\">Port-Jean est un petit port de plaisance sur l&rsquo;Erdre qui se situe sur la commune de Carquefou, au nord-est de Nantes, dans le d\u00e9partement de la Loire-Atlantique (44).<\/p>\n<p>Il se trouve \u00e0 la sortie du bourg en direction de Suc\u00e9 sur Erdre au bout de la route de Port-Jean.<\/p>\n<p style=\"text-align: justify;\">Ce port de plaisance est id\u00e9alement plac\u00e9 sur l&rsquo;Erdre, \u00e0 environ 8 kilom\u00e8tres de Nantes, en face de la Chapelle sur Erdre, et \u00e0 5 kilom\u00e8tres de Suc\u00e9 sur Erdre. Il accueille donc de nombreux bateaux de plaisanciers locaux ainsi qu&rsquo;un club nautique.<\/p>\n<p>Port-Jean poss\u00e8de aussi une petite plage verte tr\u00e8s agr\u00e9able en \u00e9t\u00e9 et de grands espaces verts qui permettent de faire du sport.<\/p>\n<table style=\"border-collapse: collapse; width: 100%;\">\n<tbody>\n<tr>\n<td style=\"width: 50%;\"><img loading=\"lazy\" decoding=\"async\" class=\"alignnone size-medium wp-image-1386 aligncenter\" src=\"http:\/\/valderdre.fr\/wrdp\/wp-content\/uploads\/100_3868-300x225.jpg\" alt=\"\" width=\"300\" height=\"225\" srcset=\"http:\/\/valderdre.fr\/wrdp\/wp-content\/uploads\/100_3868-300x225.jpg 300w, http:\/\/valderdre.fr\/wrdp\/wp-content\/uploads\/100_3868-1024x768.jpg 1024w, http:\/\/valderdre.fr\/wrdp\/wp-content\/uploads\/100_3868-200x150.jpg 200w, http:\/\/valderdre.fr\/wrdp\/wp-content\/uploads\/100_3868-768x576.jpg 768w, http:\/\/valderdre.fr\/wrdp\/wp-content\/uploads\/100_3868-1536x1152.jpg 1536w, http:\/\/valderdre.fr\/wrdp\/wp-content\/uploads\/100_3868-24x18.jpg 24w, http:\/\/valderdre.fr\/wrdp\/wp-content\/uploads\/100_3868-36x27.jpg 36w, http:\/\/valderdre.fr\/wrdp\/wp-content\/uploads\/100_3868-48x36.jpg 48w, http:\/\/valderdre.fr\/wrdp\/wp-content\/uploads\/100_3868.jpg 1656w\" sizes=\"auto, (max-width: 300px) 100vw, 300px\" \/><\/td>\n<td style=\"width: 50%;\"><img loading=\"lazy\" decoding=\"async\" class=\"alignnone size-medium wp-image-1387 aligncenter\" src=\"http:\/\/valderdre.fr\/wrdp\/wp-content\/uploads\/DSCN3251-300x225.jpg\" alt=\"\" width=\"300\" height=\"225\" srcset=\"http:\/\/valderdre.fr\/wrdp\/wp-content\/uploads\/DSCN3251-300x225.jpg 300w, http:\/\/valderdre.fr\/wrdp\/wp-content\/uploads\/DSCN3251-200x150.jpg 200w, http:\/\/valderdre.fr\/wrdp\/wp-content\/uploads\/DSCN3251-768x576.jpg 768w, http:\/\/valderdre.fr\/wrdp\/wp-content\/uploads\/DSCN3251-24x18.jpg 24w, http:\/\/valderdre.fr\/wrdp\/wp-content\/uploads\/DSCN3251-36x27.jpg 36w, http:\/\/valderdre.fr\/wrdp\/wp-content\/uploads\/DSCN3251-48x36.jpg 48w, http:\/\/valderdre.fr\/wrdp\/wp-content\/uploads\/DSCN3251.jpg 1024w\" sizes=\"auto, (max-width: 300px) 100vw, 300px\" \/><\/td>\n<\/tr>\n<\/tbody>\n<\/table>\n<div class=\"whiteOverlay\"><\/div>\n<div class=\"remainingText\">\n<p style=\"text-align: justify;\">De tables et bancs y sont install\u00e9s et ce lieu est assez fr\u00e9quent\u00e9 en p\u00e9riode estivale par les carquefoliens qui viennent s&rsquo;y d\u00e9tendre.<\/p>\n<p style=\"text-align: justify;\"><span style=\"text-align: justify;\">Des vignes dans le dos, Port-Jean s&rsquo;ouvre sur l&rsquo;Erdre et le ch\u00e2teau de la Gascherie. De l\u00e0 s&rsquo;\u00e9tendent de grands espaces verts, avec tables de pique-nique et plusieurs sentiers de randonn\u00e9es.<\/span><\/p>\n<\/div>\n<div class=\"remainingText\" style=\"text-align: justify;\">\n<p style=\"text-align: justify;\"><strong>De Port Jean \u00e0 la Chantrerie<\/strong>, la balade longe l&rsquo;<strong>Erdre<\/strong>. Vous admirez les bateaux et voiliers qui naviguent mais aussi la nature tr\u00e8s pr\u00e9sente avec la v\u00e9g\u00e9tation et les animaux (poules d&rsquo;eau, chevaux, \u00e9cureuils).<\/p>\n<p>Cette belle promenade de\u00a0<strong>7 km aller-retour<\/strong> (compter 2h) se fait facilement.<\/p>\n<p><strong>Attention aux poussettes<\/strong>\u00a0car de nombreuses racines jonchent le sol, optez pour la poussette tout-terrain ou le porte b\u00e9b\u00e9.<\/p>\n<p>Les ch\u00e2teaux et manoirs que nous apercevons font partis des vestiges de notre\u00a0<strong>patrimoine<\/strong>.<\/p>\n<\/div>\n","protected":false},"excerpt":{"rendered":"<p>Port-Jean (Carquefou) Port-Jean est un petit port de plaisance sur l&rsquo;Erdre qui se situe sur la commune de Carquefou, au nord-est de Nantes, dans le d\u00e9partement de la Loire-Atlantique (44). Il se trouve \u00e0 la sortie du bourg en direction de Suc\u00e9 sur Erdre au bout de la route de Port-Jean. Ce port de plaisance est id\u00e9alement plac\u00e9 sur l&rsquo;Erdre,&#46;&#46;&#46;<\/p>\n","protected":false},"author":1,"featured_media":0,"parent":0,"menu_order":0,"comment_status":"closed","ping_status":"closed","template":"","meta":{"footnotes":""},"class_list":["post-1382","page","type-page","status-publish","hentry"],"_links":{"self":[{"href":"http:\/\/valderdre.fr\/wrdp\/wp-json\/wp\/v2\/pages\/1382","targetHints":{"allow":["GET"]}}],"collection":[{"href":"http:\/\/valderdre.fr\/wrdp\/wp-json\/wp\/v2\/pages"}],"about":[{"href":"http:\/\/valderdre.fr\/wrdp\/wp-json\/wp\/v2\/types\/page"}],"author":[{"embeddable":true,"href":"http:\/\/valderdre.fr\/wrdp\/wp-json\/wp\/v2\/users\/1"}],"replies":[{"embeddable":true,"href":"http:\/\/valderdre.fr\/wrdp\/wp-json\/wp\/v2\/comments?post=1382"}],"version-history":[{"count":10,"href":"http:\/\/valderdre.fr\/wrdp\/wp-json\/wp\/v2\/pages\/1382\/revisions"}],"predecessor-version":[{"id":1395,"href":"http:\/\/valderdre.fr\/wrdp\/wp-json\/wp\/v2\/pages\/1382\/revisions\/1395"}],"wp:attachment":[{"href":"http:\/\/valderdre.fr\/wrdp\/wp-json\/wp\/v2\/media?parent=1382"}],"curies":[{"name":"wp","href":"https:\/\/api.w.org\/{rel}","templated":true}]}}

<p><span style="color: #3366ff; font-size: 14pt;"><strong>Port-Jean (Carquefou)</strong></span></p>
<p style="text-align: justify;">Port-Jean est un petit port de plaisance sur l&rsquo;Erdre qui se situe sur la commune de Carquefou, au nord-est de Nantes, dans le département de la Loire-Atlantique (44).</p>
<p>Il se trouve à la sortie du bourg en direction de Sucé sur Erdre au bout de la route de Port-Jean.</p>
<p style="text-align: justify;">Ce port de plaisance est idéalement placé sur l&rsquo;Erdre, à environ 8 kilomètres de Nantes, en face de la Chapelle sur Erdre, et à 5 kilomètres de Sucé sur Erdre. Il accueille donc de nombreux bateaux de plaisanciers locaux ainsi qu&rsquo;un club nautique.</p>
<p>Port-Jean possède aussi une petite plage verte très agréable en été et de grands espaces verts qui permettent de faire du sport.</p>
<table style="border-collapse: collapse; width: 100%;">
<tbody>
<tr>
<td style="width: 50%;"><img loading="lazy" decoding="async" class="alignnone size-medium wp-image-1386 aligncenter" src="http://valderdre.fr/wrdp/wp-content/uploads/100_3868-300x225.jpg" alt="" width="300" height="225" srcset="http://valderdre.fr/wrdp/wp-content/uploads/100_3868-300x225.jpg 300w, http://valderdre.fr/wrdp/wp-content/uploads/100_3868-1024x768.jpg 1024w, http://valderdre.fr/wrdp/wp-content/uploads/100_3868-200x150.jpg 200w, http://valderdre.fr/wrdp/wp-content/uploads/100_3868-768x576.jpg 768w, http://valderdre.fr/wrdp/wp-content/uploads/100_3868-1536x1152.jpg 1536w, http://valderdre.fr/wrdp/wp-content/uploads/100_3868-24x18.jpg 24w, http://valderdre.fr/wrdp/wp-content/uploads/100_3868-36x27.jpg 36w, http://valderdre.fr/wrdp/wp-content/uploads/100_3868-48x36.jpg 48w, http://valderdre.fr/wrdp/wp-content/uploads/100_3868.jpg 1656w" sizes="auto, (max-width: 300px) 100vw, 300px" /></td>
<td style="width: 50%;"><img loading="lazy" decoding="async" class="alignnone size-medium wp-image-1387 aligncenter" src="http://valderdre.fr/wrdp/wp-content/uploads/DSCN3251-300x225.jpg" alt="" width="300" height="225" srcset="http://valderdre.fr/wrdp/wp-content/uploads/DSCN3251-300x225.jpg 300w, http://valderdre.fr/wrdp/wp-content/uploads/DSCN3251-200x150.jpg 200w, http://valderdre.fr/wrdp/wp-content/uploads/DSCN3251-768x576.jpg 768w, http://valderdre.fr/wrdp/wp-content/uploads/DSCN3251-24x18.jpg 24w, http://valderdre.fr/wrdp/wp-content/uploads/DSCN3251-36x27.jpg 36w, http://valderdre.fr/wrdp/wp-content/uploads/DSCN3251-48x36.jpg 48w, http://valderdre.fr/wrdp/wp-content/uploads/DSCN3251.jpg 1024w" sizes="auto, (max-width: 300px) 100vw, 300px" /></td>
</tr>
</tbody>
</table>
<div class="whiteOverlay"></div>
<div class="remainingText">
<p style="text-align: justify;">De tables et bancs y sont installés et ce lieu est assez fréquenté en période estivale par les carquefoliens qui viennent s&rsquo;y détendre.</p>
<p style="text-align: justify;"><span style="text-align: justify;">Des vignes dans le dos, Port-Jean s&rsquo;ouvre sur l&rsquo;Erdre et le château de la Gascherie. De là s&rsquo;étendent de grands espaces verts, avec tables de pique-nique et plusieurs sentiers de randonnées.</span></p>
</div>
<div class="remainingText" style="text-align: justify;">
<p style="text-align: justify;"><strong>De Port Jean à la Chantrerie</strong>, la balade longe l&rsquo;<strong>Erdre</strong>. Vous admirez les bateaux et voiliers qui naviguent mais aussi la nature très présente avec la végétation et les animaux (poules d&rsquo;eau, chevaux, écureuils).</p>
<p>Cette belle promenade de <strong>7 km aller-retour</strong> (compter 2h) se fait facilement.</p>
<p><strong>Attention aux poussettes</strong> car de nombreuses racines jonchent le sol, optez pour la poussette tout-terrain ou le porte bébé.</p>
<p>Les châteaux et manoirs que nous apercevons font partis des vestiges de notre <strong>patrimoine</strong>.</p>
</div>

<p>Port-Jean (Carquefou) Port-Jean est un petit port de plaisance sur l&rsquo;Erdre qui se situe sur la commune de Carquefou, au nord-est de Nantes, dans le département de la Loire-Atlantique (44). Il se trouve à la sortie du bourg en direction de Sucé sur Erdre au bout de la route de Port-Jean. Ce port de plaisance est idéalement placé sur l&rsquo;Erdre,&#46;&#46;&#46;</p>
